Last updated on 2025-10-03 13:49:44 CEST.
Flavor | Version | Tinstall | Tcheck | Ttotal | Status | Flags |
---|---|---|---|---|---|---|
r-devel-linux-x86_64-debian-clang | 0.3.2 | 4.17 | 50.58 | 54.75 | NOTE | |
r-devel-linux-x86_64-debian-gcc | 0.3.2 | 2.75 | 38.13 | 40.88 | NOTE | |
r-devel-linux-x86_64-fedora-clang | 0.3.2 | 80.22 | OK | |||
r-devel-linux-x86_64-fedora-gcc | 0.3.2 | 94.93 | OK | |||
r-devel-windows-x86_64 | 0.3.2 | 7.00 | 72.00 | 79.00 | OK | |
r-patched-linux-x86_64 | 0.3.2 | 4.77 | 47.36 | 52.13 | OK | |
r-release-linux-x86_64 | 0.3.2 | 4.37 | 46.37 | 50.74 | OK | |
r-release-macos-arm64 | 0.3.2 | 34.00 | OK | |||
r-release-macos-x86_64 | 0.3.2 | 85.00 | OK | |||
r-release-windows-x86_64 | 0.3.2 | 6.00 | 74.00 | 80.00 | OK | |
r-oldrel-macos-arm64 | 0.3.2 | 33.00 | OK | |||
r-oldrel-macos-x86_64 | 0.3.2 | 51.00 | OK | |||
r-oldrel-windows-x86_64 | 0.3.2 | 8.00 | 86.00 | 94.00 | OK |
Version: 0.3.2
Check: CRAN incoming feasibility
Result: NOTE
Maintainer: ‘Xiang Zhou <xiang_zhou@fas.harvard.edu>’
The BugReports field in DESCRIPTION has
https://github.com/xiangzhou09/rbw
which should likely be
https://github.com/xiangzhou09/rbw/issues
instead.
Flavors: r-devel-linux-x86_64-debian-clang, r-devel-linux-x86_64-debian-gcc
These binaries (installable software) and packages are in development.
They may not be fully stable and should be used with caution. We make no claims about them.