Last updated on 2025-11-11 15:50:44 CET.
| Flavor | Version | Tinstall | Tcheck | Ttotal | Status | Flags |
|---|---|---|---|---|---|---|
| r-devel-linux-x86_64-debian-clang | 0.3.2 | 5.15 | 49.88 | 55.03 | NOTE | |
| r-devel-linux-x86_64-debian-gcc | 0.3.2 | 3.41 | 38.10 | 41.51 | NOTE | |
| r-devel-linux-x86_64-fedora-clang | 0.3.2 | 11.00 | 70.44 | 81.44 | OK | |
| r-devel-linux-x86_64-fedora-gcc | 0.3.2 | 12.00 | 81.12 | 93.12 | OK | |
| r-devel-windows-x86_64 | 0.3.2 | 7.00 | 78.00 | 85.00 | OK | |
| r-patched-linux-x86_64 | 0.3.2 | 4.35 | 46.40 | 50.75 | OK | |
| r-release-linux-x86_64 | 0.3.2 | 3.86 | 46.86 | 50.72 | OK | |
| r-release-macos-arm64 | 0.3.2 | 2.00 | 32.00 | 34.00 | OK | |
| r-release-macos-x86_64 | 0.3.2 | 6.00 | 79.00 | 85.00 | OK | |
| r-release-windows-x86_64 | 0.3.2 | 7.00 | 71.00 | 78.00 | OK | |
| r-oldrel-macos-arm64 | 0.3.2 | 2.00 | 31.00 | 33.00 | OK | |
| r-oldrel-macos-x86_64 | 0.3.2 | 3.00 | 48.00 | 51.00 | OK | |
| r-oldrel-windows-x86_64 | 0.3.2 | 9.00 | 82.00 | 91.00 | OK |
Version: 0.3.2
Check: CRAN incoming feasibility
Result: NOTE
Maintainer: ‘Xiang Zhou <xiang_zhou@fas.harvard.edu>’
The BugReports field in DESCRIPTION has
https://github.com/xiangzhou09/rbw
which should likely be
https://github.com/xiangzhou09/rbw/issues
instead.
Flavors: r-devel-linux-x86_64-debian-clang, r-devel-linux-x86_64-debian-gcc
These binaries (installable software) and packages are in development.
They may not be fully stable and should be used with caution. We make no claims about them.