Last updated on 2025-05-02 06:49:43 CEST.
Flavor | Version | Tinstall | Tcheck | Ttotal | Status | Flags |
---|---|---|---|---|---|---|
r-devel-linux-x86_64-debian-clang | 2.1.1 | 5.00 | 44.57 | 49.57 | NOTE | |
r-devel-linux-x86_64-debian-gcc | 2.1.1 | 3.57 | 33.11 | 36.68 | NOTE | |
r-devel-linux-x86_64-fedora-clang | 2.1.1 | 72.47 | OK | |||
r-devel-linux-x86_64-fedora-gcc | 2.1.1 | 63.78 | OK | |||
r-devel-windows-x86_64 | 2.1.1 | 6.00 | 59.00 | 65.00 | NOTE | |
r-patched-linux-x86_64 | 2.1.1 | 4.61 | 41.57 | 46.18 | NOTE | |
r-release-linux-x86_64 | NOTE | |||||
r-release-macos-arm64 | 2.1.1 | 26.00 | OK | |||
r-release-macos-x86_64 | 2.1.1 | 43.00 | OK | |||
r-release-windows-x86_64 | 2.1.1 | 7.00 | 66.00 | 73.00 | NOTE | |
r-oldrel-macos-arm64 | 2.1.1 | 25.00 | OK | |||
r-oldrel-macos-x86_64 | 2.1.1 | 35.00 | OK | |||
r-oldrel-windows-x86_64 | 2.1.1 | 7.00 | 70.00 | 77.00 | OK |
Version: 2.1.1
Check: Rd cross-references
Result: NOTE
Found the following Rd file(s) with Rd \link{} targets missing package
anchors:
carto_scale.Rd: discrete_scale, continuous_scale
Please provide package anchors for all Rd \link{} targets not in the
package itself and the base packages.
Flavors: r-devel-linux-x86_64-debian-clang, r-devel-linux-x86_64-debian-gcc, r-devel-windows-x86_64, r-patched-linux-x86_64, r-release-linux-x86_64, r-release-windows-x86_64
These binaries (installable software) and packages are in development.
They may not be fully stable and should be used with caution. We make no claims about them.