Last updated on 2025-05-08 04:52:15 CEST.
Flavor | Version | Tinstall | Tcheck | Ttotal | Status | Flags |
---|---|---|---|---|---|---|
r-devel-linux-x86_64-debian-clang | 0.1.1 | 5.09 | 125.70 | 130.79 | NOTE | |
r-devel-linux-x86_64-debian-gcc | 0.1.1 | 3.64 | 91.65 | 95.29 | NOTE | |
r-devel-linux-x86_64-fedora-clang | 0.1.1 | 205.66 | OK | |||
r-devel-linux-x86_64-fedora-gcc | 0.1.1 | 223.68 | OK | |||
r-devel-windows-x86_64 | 0.1.1 | 6.00 | 127.00 | 133.00 | OK | |
r-patched-linux-x86_64 | 0.1.1 | 5.25 | 116.92 | 122.17 | OK | |
r-release-linux-x86_64 | 0.1.1 | 4.63 | 119.38 | 124.01 | OK | |
r-release-macos-arm64 | 0.1.1 | 63.00 | OK | |||
r-release-macos-x86_64 | 0.1.1 | 138.00 | OK | |||
r-release-windows-x86_64 | 0.1.1 | 7.00 | 117.00 | 124.00 | OK | |
r-oldrel-macos-arm64 | 0.1.1 | 67.00 | OK | |||
r-oldrel-macos-x86_64 | 0.1.1 | 137.00 | OK | |||
r-oldrel-windows-x86_64 | 0.1.1 | 8.00 | 149.00 | 157.00 | OK |
Version: 0.1.1
Check: CRAN incoming feasibility
Result: NOTE
Maintainer: ‘Herdiantri Sufriyana <herdi@tmu.edu.tw>’
The Description field contains
<https://htmlpreview.github.io/?https://github.com/herdiantrisufriyana/rcausim/blob/master/doc/causal_simulation_exemplar.html>.
Please enclose URLs in angle brackets (<...>).
Flavors: r-devel-linux-x86_64-debian-clang, r-devel-linux-x86_64-debian-gcc
These binaries (installable software) and packages are in development.
They may not be fully stable and should be used with caution. We make no claims about them.