Last updated on 2025-10-24 05:50:53 CEST.
| Flavor | Version | Tinstall | Tcheck | Ttotal | Status | Flags |
|---|---|---|---|---|---|---|
| r-devel-linux-x86_64-debian-clang | 1.8.8 | 3.19 | 32.76 | 35.95 | NOTE | |
| r-devel-linux-x86_64-debian-gcc | 1.8.8 | 2.25 | 25.02 | 27.27 | NOTE | |
| r-devel-linux-x86_64-fedora-clang | 1.8.8 | 54.73 | OK | |||
| r-devel-linux-x86_64-fedora-gcc | 1.8.8 | 52.25 | OK | |||
| r-devel-windows-x86_64 | 1.8.8 | 4.00 | 53.00 | 57.00 | OK | |
| r-patched-linux-x86_64 | 1.8.8 | 2.90 | 30.78 | 33.68 | OK | |
| r-release-linux-x86_64 | 1.8.8 | 3.17 | 30.73 | 33.90 | OK | |
| r-release-macos-arm64 | 1.8.8 | 2.00 | 21.00 | 23.00 | OK | |
| r-release-macos-x86_64 | 1.8.8 | 4.00 | 38.00 | 42.00 | OK | |
| r-release-windows-x86_64 | 1.8.8 | 6.00 | 55.00 | 61.00 | OK | |
| r-oldrel-macos-arm64 | 1.8.8 | 2.00 | 19.00 | 21.00 | NOTE | |
| r-oldrel-macos-x86_64 | 1.8.8 | 3.00 | 28.00 | 31.00 | NOTE | |
| r-oldrel-windows-x86_64 | 1.8.8 | 6.00 | 59.00 | 65.00 | NOTE |
Version: 1.8.8
Check: CRAN incoming feasibility
Result: NOTE
Maintainer: ‘Samuel D. Pimentel <spi@berkeley.edu>’
No Authors@R field in DESCRIPTION.
Please add one, modifying
Authors@R: person(given = c("Samuel", "D."),
family = "Pimentel",
role = c("aut", "cre"),
email = "spi@berkeley.edu")
as necessary.
Flavors: r-devel-linux-x86_64-debian-clang, r-devel-linux-x86_64-debian-gcc
Version: 1.8.8
Check: package dependencies
Result: NOTE
Package suggested but not available for checking: ‘rrelaxiv’
Flavors: r-oldrel-macos-arm64, r-oldrel-macos-x86_64, r-oldrel-windows-x86_64
These binaries (installable software) and packages are in development.
They may not be fully stable and should be used with caution. We make no claims about them.