CRAN Package Check Results for Package rcdklibs

Last updated on 2025-05-28 21:50:19 CEST.

Flavor Version Tinstall Tcheck Ttotal Status Flags
r-devel-linux-x86_64-debian-clang 2.9 4.73 33.58 38.31 OK
r-devel-linux-x86_64-debian-gcc 2.9 3.27 26.32 29.59 OK
r-devel-linux-x86_64-fedora-clang 2.9 60.40 OK
r-devel-linux-x86_64-fedora-gcc 2.9 54.54 OK
r-devel-windows-x86_64 2.9 7.00 50.00 57.00 OK
r-patched-linux-x86_64 2.9 4.28 31.75 36.03 OK
r-release-linux-x86_64 2.9 4.00 31.35 35.35 OK
r-release-macos-arm64 2.9 22.00 OK
r-release-macos-x86_64 2.9 39.00 OK
r-release-windows-x86_64 2.9 5.00 55.00 60.00 OK
r-oldrel-macos-arm64 2.9 21.00 NOTE
r-oldrel-macos-x86_64 2.9 31.00 NOTE
r-oldrel-windows-x86_64 2.9 6.00 48.00 54.00 NOTE

Check Details

Version: 2.9
Check: installed package size
Result: NOTE installed size is 20.2Mb sub-directories of 1Mb or more: cont 20.1Mb Flavors: r-oldrel-macos-arm64, r-oldrel-macos-x86_64, r-oldrel-windows-x86_64

These binaries (installable software) and packages are in development.
They may not be fully stable and should be used with caution. We make no claims about them.