Last updated on 2025-10-23 21:51:38 CEST.
Flavor | Version | Tinstall | Tcheck | Ttotal | Status | Flags |
---|---|---|---|---|---|---|
r-devel-linux-x86_64-debian-clang | 2.9 | 3.39 | 34.96 | 38.35 | OK | |
r-devel-linux-x86_64-debian-gcc | 2.9 | 2.65 | 27.62 | 30.27 | OK | |
r-devel-linux-x86_64-fedora-clang | 2.9 | 57.33 | OK | |||
r-devel-linux-x86_64-fedora-gcc | 2.9 | 54.51 | OK | |||
r-devel-windows-x86_64 | 2.9 | 6.00 | 48.00 | 54.00 | OK | |
r-patched-linux-x86_64 | 2.9 | 3.57 | 32.75 | 36.32 | OK | |
r-release-linux-x86_64 | 2.9 | 3.45 | 32.48 | 35.93 | OK | |
r-release-macos-arm64 | 2.9 | 2.00 | 20.00 | 22.00 | OK | |
r-release-macos-x86_64 | 2.9 | 3.00 | 36.00 | 39.00 | OK | |
r-release-windows-x86_64 | 2.9 | 5.00 | 55.00 | 60.00 | OK | |
r-oldrel-macos-arm64 | 2.9 | 2.00 | 19.00 | 21.00 | NOTE | |
r-oldrel-macos-x86_64 | 2.9 | 3.00 | 28.00 | 31.00 | NOTE | |
r-oldrel-windows-x86_64 | 2.9 | 6.00 | 48.00 | 54.00 | NOTE |
Version: 2.9
Check: installed package size
Result: NOTE
installed size is 20.2Mb
sub-directories of 1Mb or more:
cont 20.1Mb
Flavors: r-oldrel-macos-arm64, r-oldrel-macos-x86_64, r-oldrel-windows-x86_64
These binaries (installable software) and packages are in development.
They may not be fully stable and should be used with caution. We make no claims about them.