Last updated on 2025-02-19 17:51:01 CET.
Flavor | Version | Tinstall | Tcheck | Ttotal | Status | Flags |
---|---|---|---|---|---|---|
r-devel-linux-x86_64-debian-clang | 0.1-3 | 19.79 | 108.20 | 127.99 | OK | |
r-devel-linux-x86_64-debian-gcc | 0.1-3 | 10.32 | 66.09 | 76.41 | OK | |
r-devel-linux-x86_64-fedora-clang | 0.1-3 | 203.10 | OK | |||
r-devel-linux-x86_64-fedora-gcc | 0.1-3 | 192.19 | OK | |||
r-devel-macos-arm64 | 0.1-3 | 50.00 | OK | |||
r-devel-macos-x86_64 | 0.1-3 | 109.00 | OK | |||
r-devel-windows-x86_64 | 0.1-3 | 19.00 | 134.00 | 153.00 | OK | |
r-patched-linux-x86_64 | 0.1-3 | 21.02 | 100.06 | 121.08 | OK | |
r-release-linux-x86_64 | 0.1-3 | 16.08 | 101.88 | 117.96 | OK | |
r-release-macos-arm64 | 0.1-3 | 49.00 | NOTE | |||
r-release-macos-x86_64 | 0.1-3 | 124.00 | NOTE | |||
r-release-windows-x86_64 | 0.1-3 | 19.00 | 126.00 | 145.00 | NOTE | |
r-oldrel-macos-arm64 | 0.1-3 | 58.00 | NOTE | |||
r-oldrel-macos-x86_64 | 0.1-3 | 113.00 | NOTE | |||
r-oldrel-windows-x86_64 | 0.1-3 | 25.00 | 160.00 | 185.00 | NOTE |
Version: 0.1-3
Check: installed package size
Result: NOTE
installed size is 5.2Mb
sub-directories of 1Mb or more:
data 4.2Mb
Flavors: r-release-macos-arm64, r-release-macos-x86_64, r-release-windows-x86_64, r-oldrel-macos-arm64, r-oldrel-macos-x86_64, r-oldrel-windows-x86_64
These binaries (installable software) and packages are in development.
They may not be fully stable and should be used with caution. We make no claims about them.