CRAN Package Check Results for Package rchemo

Last updated on 2025-05-08 04:52:15 CEST.

Flavor Version Tinstall Tcheck Ttotal Status Flags
r-devel-linux-x86_64-debian-clang 0.1-3 19.24 109.91 129.15 OK
r-devel-linux-x86_64-debian-gcc 0.1-3 11.51 70.01 81.52 OK
r-devel-linux-x86_64-fedora-clang 0.1-3 211.70 OK
r-devel-linux-x86_64-fedora-gcc 0.1-3 212.69 OK
r-devel-windows-x86_64 0.1-3 19.00 128.00 147.00 OK
r-patched-linux-x86_64 0.1-3 19.35 102.94 122.29 OK
r-release-linux-x86_64 0.1-3 17.09 104.27 121.36 OK
r-release-macos-arm64 0.1-3 54.00 OK
r-release-macos-x86_64 0.1-3 105.00 OK
r-release-windows-x86_64 0.1-3 20.00 132.00 152.00 OK
r-oldrel-macos-arm64 0.1-3 49.00 NOTE
r-oldrel-macos-x86_64 0.1-3 124.00 NOTE
r-oldrel-windows-x86_64 0.1-3 26.00 159.00 185.00 NOTE

Check Details

Version: 0.1-3
Check: installed package size
Result: NOTE installed size is 5.2Mb sub-directories of 1Mb or more: data 4.2Mb Flavors: r-oldrel-macos-arm64, r-oldrel-macos-x86_64, r-oldrel-windows-x86_64

These binaries (installable software) and packages are in development.
They may not be fully stable and should be used with caution. We make no claims about them.