Last updated on 2024-07-27 15:50:30 CEST.
Flavor | Version | Tinstall | Tcheck | Ttotal | Status | Flags |
---|---|---|---|---|---|---|
r-devel-linux-x86_64-debian-clang | 0.1-2 | 13.38 | 110.99 | 124.37 | OK | |
r-devel-linux-x86_64-debian-gcc | 0.1-2 | NOTE | ||||
r-devel-linux-x86_64-fedora-clang | 0.1-2 | 162.47 | NOTE | |||
r-devel-linux-x86_64-fedora-gcc | 0.1-2 | 147.34 | OK | |||
r-devel-windows-x86_64 | 0.1-2 | 14.00 | 110.00 | 124.00 | NOTE | |
r-patched-linux-x86_64 | 0.1-2 | OK | ||||
r-release-linux-x86_64 | 0.1-2 | 16.56 | 104.76 | 121.32 | OK | |
r-release-macos-arm64 | 0.1-2 | 50.00 | NOTE | |||
r-release-macos-x86_64 | 0.1-2 | 124.00 | NOTE | |||
r-release-windows-x86_64 | 0.1-2 | 14.00 | 110.00 | 124.00 | NOTE | |
r-oldrel-macos-arm64 | 0.1-2 | 54.00 | NOTE | |||
r-oldrel-macos-x86_64 | 0.1-2 | 103.00 | NOTE | |||
r-oldrel-windows-x86_64 | 0.1-2 | 18.00 | 125.00 | 143.00 | OK |
Version: 0.1-2
Check: Rd cross-references
Result: NOTE
Found the following Rd file(s) with Rd \link{} targets missing package
anchors:
dtagg.Rd: data.table
getknn.Rd: get.knnx
interpl.Rd: interp1
savgol.Rd: sgolayfilt
svm.Rd: svm
Please provide package anchors for all Rd \link{} targets not in the
package itself and the base packages.
Flavors: r-devel-linux-x86_64-debian-gcc, r-devel-windows-x86_64
Version: 0.1-2
Check: installed package size
Result: NOTE
installed size is 5.0Mb
sub-directories of 1Mb or more:
data 4.2Mb
Flavors: r-devel-linux-x86_64-fedora-clang, r-devel-windows-x86_64, r-release-macos-arm64, r-release-macos-x86_64, r-release-windows-x86_64, r-oldrel-macos-arm64, r-oldrel-macos-x86_64
These binaries (installable software) and packages are in development.
They may not be fully stable and should be used with caution. We make no claims about them.