Last updated on 2025-10-25 11:48:44 CEST.
| Flavor | Version | Tinstall | Tcheck | Ttotal | Status | Flags |
|---|---|---|---|---|---|---|
| r-devel-linux-x86_64-debian-clang | 0.2.1 | 3.32 | 33.82 | 37.14 | NOTE | |
| r-devel-linux-x86_64-debian-gcc | 0.2.1 | 2.86 | 26.51 | 29.37 | NOTE | |
| r-devel-linux-x86_64-fedora-clang | 0.2.1 | 53.39 | OK | |||
| r-devel-linux-x86_64-fedora-gcc | 0.2.1 | 51.19 | OK | |||
| r-devel-windows-x86_64 | 0.2.1 | 5.00 | 48.00 | 53.00 | OK | |
| r-patched-linux-x86_64 | 0.2.1 | 3.28 | 31.08 | 34.36 | OK | |
| r-release-linux-x86_64 | 0.2.1 | 3.32 | 30.90 | 34.22 | OK | |
| r-release-macos-arm64 | 0.2.1 | 3.00 | 28.00 | 31.00 | OK | |
| r-release-macos-x86_64 | 0.2.1 | 4.00 | 36.00 | 40.00 | OK | |
| r-release-windows-x86_64 | 0.2.1 | 6.00 | 51.00 | 57.00 | OK | |
| r-oldrel-macos-arm64 | 0.2.1 | 2.00 | 19.00 | 21.00 | OK | |
| r-oldrel-macos-x86_64 | 0.2.1 | 3.00 | 27.00 | 30.00 | OK | |
| r-oldrel-windows-x86_64 | 0.2.1 | 6.00 | 58.00 | 64.00 | OK |
Version: 0.2.1
Check: CRAN incoming feasibility
Result: NOTE
Maintainer: ‘Sebastien Bihorel <sb.pmlab@gmail.com>’
No Authors@R field in DESCRIPTION.
Please add one, modifying
Authors@R: person(given = "Sebastien",
family = "Bihorel",
role = c("aut", "cre"),
email = "sb.pmlab@gmail.com")
as necessary.
Flavors: r-devel-linux-x86_64-debian-clang, r-devel-linux-x86_64-debian-gcc
These binaries (installable software) and packages are in development.
They may not be fully stable and should be used with caution. We make no claims about them.