Last updated on 2025-05-01 12:49:38 CEST.
Flavor | Version | Tinstall | Tcheck | Ttotal | Status | Flags |
---|---|---|---|---|---|---|
r-devel-linux-x86_64-debian-clang | 0.2.1 | 3.50 | 32.11 | 35.61 | NOTE | |
r-devel-linux-x86_64-debian-gcc | 0.2.1 | 2.58 | 24.82 | 27.40 | NOTE | |
r-devel-linux-x86_64-fedora-clang | 0.2.1 | 56.28 | OK | |||
r-devel-linux-x86_64-fedora-gcc | 0.2.1 | 51.65 | OK | |||
r-devel-windows-x86_64 | 0.2.1 | 5.00 | 55.00 | 60.00 | OK | |
r-patched-linux-x86_64 | 0.2.1 | 3.54 | 29.59 | 33.13 | OK | |
r-release-linux-x86_64 | OK | |||||
r-release-macos-arm64 | 0.2.1 | 31.00 | OK | |||
r-release-macos-x86_64 | 0.2.1 | 40.00 | OK | |||
r-release-windows-x86_64 | 0.2.1 | 5.00 | 57.00 | 62.00 | OK | |
r-oldrel-macos-arm64 | 0.2.1 | 21.00 | OK | |||
r-oldrel-macos-x86_64 | 0.2.1 | 30.00 | OK | |||
r-oldrel-windows-x86_64 | 0.2.1 | 6.00 | 54.00 | 60.00 | OK |
Version: 0.2.1
Check: CRAN incoming feasibility
Result: NOTE
Maintainer: ‘Sebastien Bihorel <sb.pmlab@gmail.com>’
No Authors@R field in DESCRIPTION.
Please add one, modifying
Authors@R: person(given = "Sebastien",
family = "Bihorel",
role = c("aut", "cre"),
email = "sb.pmlab@gmail.com")
as necessary.
Flavors: r-devel-linux-x86_64-debian-clang, r-devel-linux-x86_64-debian-gcc
These binaries (installable software) and packages are in development.
They may not be fully stable and should be used with caution. We make no claims about them.