Last updated on 2025-10-23 11:50:24 CEST.
Flavor | Version | Tinstall | Tcheck | Ttotal | Status | Flags |
---|---|---|---|---|---|---|
r-devel-linux-x86_64-debian-clang | 1.0.2 | 3.83 | 95.45 | 99.28 | NOTE | |
r-devel-linux-x86_64-debian-gcc | 1.0.2 | 2.57 | 69.60 | 72.17 | OK | |
r-devel-linux-x86_64-fedora-clang | 1.0.2 | 156.87 | OK | |||
r-devel-linux-x86_64-fedora-gcc | 1.0.2 | 171.26 | OK | |||
r-devel-windows-x86_64 | 1.0.2 | 4.00 | 107.00 | 111.00 | OK | |
r-patched-linux-x86_64 | 1.0.2 | 4.18 | 89.17 | 93.35 | OK | |
r-release-linux-x86_64 | 1.0.2 | 3.31 | 90.31 | 93.62 | OK | |
r-release-macos-arm64 | 1.0.2 | 1.00 | 46.00 | 47.00 | OK | |
r-release-macos-x86_64 | 1.0.2 | 4.00 | 106.00 | 110.00 | OK | |
r-release-windows-x86_64 | 1.0.2 | 4.00 | 109.00 | 113.00 | OK | |
r-oldrel-macos-arm64 | 1.0.2 | 1.00 | 47.00 | 48.00 | OK | |
r-oldrel-macos-x86_64 | 1.0.2 | 2.00 | 82.00 | 84.00 | OK | |
r-oldrel-windows-x86_64 | 1.0.2 | 5.00 | 125.00 | 130.00 | OK |
Version: 1.0.2
Check: HTML version of manual
Result: NOTE
Found the following HTML validation problems:
optimize_files.html:69:1 (optimize_files.Rd:23): Warning: missing </ul> before </div>
optimize_folder.html:81:1 (optimize_folder.Rd:31): Warning: missing </ul> before </div>
optimize_text.html:56:1 (optimize_text.Rd:15): Warning: missing </ul> before </div>
Flavor: r-devel-linux-x86_64-debian-clang
These binaries (installable software) and packages are in development.
They may not be fully stable and should be used with caution. We make no claims about them.