CRAN Package Check Results for Package rcompendium

Last updated on 2025-05-08 04:52:15 CEST.

Flavor Version Tinstall Tcheck Ttotal Status Flags
r-devel-linux-x86_64-debian-clang 1.3 6.83 57.14 63.97 NOTE
r-devel-linux-x86_64-debian-gcc 1.3 4.54 41.38 45.92 NOTE
r-devel-linux-x86_64-fedora-clang 1.3 104.46 OK
r-devel-linux-x86_64-fedora-gcc 1.3 117.27 OK
r-devel-windows-x86_64 1.3 10.00 80.00 90.00 NOTE
r-patched-linux-x86_64 1.3 8.56 53.78 62.34 NOTE
r-release-linux-x86_64 1.3 6.29 53.50 59.79 NOTE
r-release-macos-arm64 1.3 49.00 OK
r-release-macos-x86_64 1.3 70.00 OK
r-release-windows-x86_64 1.3 12.00 85.00 97.00 NOTE
r-oldrel-macos-arm64 1.3 40.00 OK
r-oldrel-macos-x86_64 1.3 70.00 OK
r-oldrel-windows-x86_64 1.3 11.00 93.00 104.00 OK

Check Details

Version: 1.3
Check: Rd cross-references
Result: NOTE Found the following Rd file(s) with Rd \link{} targets missing package anchors: add_github_actions_citation.Rd: cffr Please provide package anchors for all Rd \link{} targets not in the package itself and the base packages. Flavors: r-devel-linux-x86_64-debian-clang, r-devel-linux-x86_64-debian-gcc, r-devel-windows-x86_64, r-patched-linux-x86_64, r-release-linux-x86_64, r-release-windows-x86_64

These binaries (installable software) and packages are in development.
They may not be fully stable and should be used with caution. We make no claims about them.