CRAN Package Check Results for Package rcompendium

Last updated on 2025-02-16 08:50:58 CET.

Flavor Version Tinstall Tcheck Ttotal Status Flags
r-devel-linux-x86_64-debian-clang 1.3 6.54 54.36 60.90 NOTE
r-devel-linux-x86_64-debian-gcc 1.3 4.62 38.72 43.34 NOTE
r-devel-linux-x86_64-fedora-clang 1.3 105.55 OK
r-devel-linux-x86_64-fedora-gcc 1.3 106.72 OK
r-devel-macos-arm64 1.3 44.00 OK
r-devel-macos-x86_64 1.3 70.00 OK
r-devel-windows-x86_64 1.3 10.00 88.00 98.00 NOTE
r-patched-linux-x86_64 1.3 11.52 51.64 63.16 OK
r-release-linux-x86_64 1.3 5.79 51.54 57.33 OK
r-release-macos-arm64 1.3 40.00 OK
r-release-macos-x86_64 1.3 70.00 OK
r-release-windows-x86_64 1.3 10.00 82.00 92.00 OK
r-oldrel-macos-arm64 1.3 50.00 OK
r-oldrel-macos-x86_64 1.3 69.00 OK
r-oldrel-windows-x86_64 1.3 12.00 113.00 125.00 OK

Check Details

Version: 1.3
Check: Rd cross-references
Result: NOTE Found the following Rd file(s) with Rd \link{} targets missing package anchors: add_github_actions_citation.Rd: cffr Please provide package anchors for all Rd \link{} targets not in the package itself and the base packages. Flavors: r-devel-linux-x86_64-debian-clang, r-devel-linux-x86_64-debian-gcc, r-devel-windows-x86_64

These binaries (installable software) and packages are in development.
They may not be fully stable and should be used with caution. We make no claims about them.