Last updated on 2025-05-21 21:49:27 CEST.
Flavor | Version | Tinstall | Tcheck | Ttotal | Status | Flags |
---|---|---|---|---|---|---|
r-devel-linux-x86_64-debian-clang | 0.1.2 | 46.02 | 335.30 | 381.32 | OK | |
r-devel-linux-x86_64-debian-gcc | 0.1.2 | 34.44 | 222.40 | 256.84 | OK | |
r-devel-linux-x86_64-fedora-clang | 0.1.2 | 645.71 | OK | |||
r-devel-linux-x86_64-fedora-gcc | 0.1.2 | 644.96 | OK | |||
r-devel-windows-x86_64 | 0.1.2 | 54.00 | 453.00 | 507.00 | OK | |
r-patched-linux-x86_64 | 0.1.2 | 50.65 | 319.07 | 369.72 | OK | |
r-release-linux-x86_64 | 0.1.2 | 43.86 | 317.24 | 361.10 | OK | |
r-release-macos-arm64 | 0.1.2 | 155.00 | OK | |||
r-release-macos-x86_64 | 0.1.2 | 378.00 | OK | |||
r-release-windows-x86_64 | 0.1.2 | 52.00 | 399.00 | 451.00 | OK | |
r-oldrel-macos-arm64 | 0.1.2 | 145.00 | NOTE | |||
r-oldrel-macos-x86_64 | 0.1.2 | 231.00 | NOTE | |||
r-oldrel-windows-x86_64 | 0.1.2 | 67.00 | 506.00 | 573.00 | OK |
Version: 0.1.2
Check: installed package size
Result: NOTE
installed size is 7.4Mb
sub-directories of 1Mb or more:
libs 4.9Mb
Flavors: r-oldrel-macos-arm64, r-oldrel-macos-x86_64
These binaries (installable software) and packages are in development.
They may not be fully stable and should be used with caution. We make no claims about them.