Last updated on 2025-11-11 15:50:44 CET.
| Flavor | Version | Tinstall | Tcheck | Ttotal | Status | Flags |
|---|---|---|---|---|---|---|
| r-devel-linux-x86_64-debian-clang | 0.1.2 | 52.54 | 358.74 | 411.28 | OK | |
| r-devel-linux-x86_64-debian-gcc | 0.1.2 | 34.03 | 232.50 | 266.53 | OK | |
| r-devel-linux-x86_64-fedora-clang | 0.1.2 | 390.00 | 307.32 | 697.32 | OK | |
| r-devel-linux-x86_64-fedora-gcc | 0.1.2 | 124.00 | 533.12 | 657.12 | OK | |
| r-devel-windows-x86_64 | 0.1.2 | 52.00 | 439.00 | 491.00 | OK | |
| r-patched-linux-x86_64 | 0.1.2 | 48.19 | 336.07 | 384.26 | OK | |
| r-release-linux-x86_64 | 0.1.2 | 53.41 | 338.46 | 391.87 | OK | |
| r-release-macos-arm64 | 0.1.2 | 24.00 | 131.00 | 155.00 | OK | |
| r-release-macos-x86_64 | 0.1.2 | 45.00 | 333.00 | 378.00 | OK | |
| r-release-windows-x86_64 | 0.1.2 | 54.00 | 404.00 | 458.00 | OK | |
| r-oldrel-macos-arm64 | 0.1.2 | 22.00 | 123.00 | 145.00 | NOTE | |
| r-oldrel-macos-x86_64 | 0.1.2 | 39.00 | 192.00 | 231.00 | NOTE | |
| r-oldrel-windows-x86_64 | 0.1.2 | 72.00 | 531.00 | 603.00 | OK |
Version: 0.1.2
Check: installed package size
Result: NOTE
installed size is 7.4Mb
sub-directories of 1Mb or more:
libs 4.9Mb
Flavors: r-oldrel-macos-arm64, r-oldrel-macos-x86_64
These binaries (installable software) and packages are in development.
They may not be fully stable and should be used with caution. We make no claims about them.