Last updated on 2025-02-16 08:50:58 CET.
Flavor | Version | Tinstall | Tcheck | Ttotal | Status | Flags |
---|---|---|---|---|---|---|
r-devel-linux-x86_64-debian-clang | 2.0.1 | 4.06 | 20.85 | 24.91 | OK | |
r-devel-linux-x86_64-debian-gcc | 2.0.1 | 3.45 | 17.02 | 20.47 | OK | |
r-devel-linux-x86_64-fedora-clang | 2.0.1 | 39.43 | OK | |||
r-devel-linux-x86_64-fedora-gcc | 2.0.1 | 36.77 | OK | |||
r-devel-macos-arm64 | 2.0.1 | 17.00 | OK | |||
r-devel-macos-x86_64 | 2.0.1 | 28.00 | OK | |||
r-devel-windows-x86_64 | 2.0.1 | 6.00 | 44.00 | 50.00 | OK | |
r-patched-linux-x86_64 | 2.0.1 | 3.89 | 20.01 | 23.90 | OK | |
r-release-linux-x86_64 | 2.0.1 | 3.44 | 20.27 | 23.71 | OK | |
r-release-macos-arm64 | 2.0.1 | 29.00 | NOTE | |||
r-release-macos-x86_64 | 2.0.1 | 43.00 | NOTE | |||
r-release-windows-x86_64 | 2.0.1 | 8.00 | 47.00 | 55.00 | NOTE | |
r-oldrel-macos-arm64 | 2.0.1 | 22.00 | NOTE | |||
r-oldrel-macos-x86_64 | 2.0.1 | 46.00 | NOTE | |||
r-oldrel-windows-x86_64 | 2.0.1 | 7.00 | 49.00 | 56.00 | NOTE |
Version: 2.0.1
Check: installed package size
Result: NOTE
installed size is 7.6Mb
sub-directories of 1Mb or more:
corpora 7.5Mb
Flavors: r-release-macos-arm64, r-release-macos-x86_64, r-release-windows-x86_64, r-oldrel-macos-arm64, r-oldrel-macos-x86_64, r-oldrel-windows-x86_64
These binaries (installable software) and packages are in development.
They may not be fully stable and should be used with caution. We make no claims about them.