Last updated on 2025-11-13 01:50:31 CET.
| Flavor | Version | Tinstall | Tcheck | Ttotal | Status | Flags |
|---|---|---|---|---|---|---|
| r-devel-linux-x86_64-debian-clang | 0.0.1 | 78.42 | 37.99 | 116.41 | OK | |
| r-devel-linux-x86_64-debian-gcc | 0.0.1 | 49.51 | 30.93 | 80.44 | OK | |
| r-devel-linux-x86_64-fedora-clang | 0.0.1 | 81.00 | 144.53 | 225.53 | OK | |
| r-devel-linux-x86_64-fedora-gcc | 0.0.1 | 104.00 | 99.81 | 203.81 | OK | |
| r-devel-windows-x86_64 | 0.0.1 | 96.00 | 70.00 | 166.00 | OK | |
| r-patched-linux-x86_64 | 0.0.1 | 80.05 | 37.13 | 117.18 | OK | |
| r-release-linux-x86_64 | 0.0.1 | 81.39 | 37.06 | 118.45 | OK | |
| r-release-macos-arm64 | 0.0.1 | 34.00 | 26.00 | 60.00 | OK | |
| r-release-macos-x86_64 | 0.0.1 | 34.00 | 37.00 | 71.00 | OK | |
| r-release-windows-x86_64 | 0.0.1 | 97.00 | 65.00 | 162.00 | OK | |
| r-oldrel-macos-arm64 | 0.0.1 | 32.00 | 29.00 | 61.00 | NOTE | |
| r-oldrel-macos-x86_64 | 0.0.1 | 36.00 | 46.00 | 82.00 | NOTE | |
| r-oldrel-windows-x86_64 | 0.0.1 | 115.00 | 86.00 | 201.00 | OK |
Version: 0.0.1
Check: installed package size
Result: NOTE
installed size is 6.7Mb
sub-directories of 1Mb or more:
data 1.4Mb
libs 5.2Mb
Flavors: r-oldrel-macos-arm64, r-oldrel-macos-x86_64
These binaries (installable software) and packages are in development.
They may not be fully stable and should be used with caution. We make no claims about them.