Last updated on 2025-10-03 05:53:47 CEST.
Flavor | Version | Tinstall | Tcheck | Ttotal | Status | Flags |
---|---|---|---|---|---|---|
r-devel-linux-x86_64-debian-clang | 0.0.1 | 86.63 | 40.41 | 127.04 | OK | |
r-devel-linux-x86_64-debian-gcc | 0.0.1 | 50.65 | 29.93 | 80.58 | OK | |
r-devel-linux-x86_64-fedora-clang | 0.0.1 | 225.26 | OK | |||
r-devel-linux-x86_64-fedora-gcc | 0.0.1 | 201.35 | OK | |||
r-devel-windows-x86_64 | 0.0.1 | 99.00 | 69.00 | 168.00 | OK | |
r-patched-linux-x86_64 | 0.0.1 | 84.54 | 37.19 | 121.73 | OK | |
r-release-linux-x86_64 | 0.0.1 | 83.25 | 36.63 | 119.88 | OK | |
r-release-macos-arm64 | 0.0.1 | 60.00 | OK | |||
r-release-macos-x86_64 | 0.0.1 | 71.00 | OK | |||
r-release-windows-x86_64 | 0.0.1 | 99.00 | 68.00 | 167.00 | OK | |
r-oldrel-macos-arm64 | 0.0.1 | 61.00 | NOTE | |||
r-oldrel-macos-x86_64 | 0.0.1 | 82.00 | NOTE | |||
r-oldrel-windows-x86_64 | 0.0.1 | 116.00 | 92.00 | 208.00 | OK |
Version: 0.0.1
Check: installed package size
Result: NOTE
installed size is 6.7Mb
sub-directories of 1Mb or more:
data 1.4Mb
libs 5.2Mb
Flavors: r-oldrel-macos-arm64, r-oldrel-macos-x86_64
These binaries (installable software) and packages are in development.
They may not be fully stable and should be used with caution. We make no claims about them.