Last updated on 2025-02-16 08:50:58 CET.
Flavor | Version | Tinstall | Tcheck | Ttotal | Status | Flags |
---|---|---|---|---|---|---|
r-devel-linux-x86_64-debian-clang | 1.2.1 | 20.07 | 105.19 | 125.26 | NOTE | |
r-devel-linux-x86_64-debian-gcc | 1.2.1 | 16.08 | 90.52 | 106.60 | NOTE | |
r-devel-linux-x86_64-fedora-clang | 1.2.1 | 227.19 | NOTE | |||
r-devel-linux-x86_64-fedora-gcc | 1.2.1 | 287.75 | NOTE | |||
r-devel-macos-arm64 | 1.2.1 | 67.00 | OK | |||
r-devel-macos-x86_64 | 1.2.1 | 128.00 | NOTE | |||
r-devel-windows-x86_64 | 1.2.1 | 22.00 | 172.00 | 194.00 | NOTE | |
r-patched-linux-x86_64 | 1.2.1 | 21.30 | 118.79 | 140.09 | OK | |
r-release-linux-x86_64 | 1.2.1 | 21.59 | 119.95 | 141.54 | OK | |
r-release-macos-arm64 | 1.2.1 | 84.00 | OK | |||
r-release-macos-x86_64 | 1.2.1 | 226.00 | OK | |||
r-release-windows-x86_64 | 1.2.1 | 22.00 | 166.00 | 188.00 | OK | |
r-oldrel-macos-arm64 | 1.2.1 | 82.00 | OK | |||
r-oldrel-macos-x86_64 | 1.2.1 | 228.00 | OK | |||
r-oldrel-windows-x86_64 | 1.2.1 | 24.00 | 178.00 | 202.00 | OK |
Version: 1.2.1
Check: DESCRIPTION meta-information
Result: NOTE
Missing dependency on R >= 4.1.0 because package code uses the pipe
|> or function shorthand \(...) syntax added in R 4.1.0.
File(s) using such syntax:
‘print.rcpptimer.R’
Flavors: r-devel-linux-x86_64-debian-clang, r-devel-linux-x86_64-debian-gcc, r-devel-linux-x86_64-fedora-clang, r-devel-linux-x86_64-fedora-gcc, r-devel-macos-x86_64, r-devel-windows-x86_64
These binaries (installable software) and packages are in development.
They may not be fully stable and should be used with caution. We make no claims about them.