Last updated on 2025-02-02 14:48:32 CET.
Flavor | Version | Tinstall | Tcheck | Ttotal | Status | Flags |
---|---|---|---|---|---|---|
r-devel-linux-x86_64-debian-clang | 0.0.1 | 3.56 | 51.34 | 54.90 | NOTE | |
r-devel-linux-x86_64-debian-gcc | 0.0.1 | 2.49 | 37.46 | 39.95 | NOTE | |
r-devel-linux-x86_64-fedora-clang | 0.0.1 | 88.05 | NOTE | |||
r-devel-linux-x86_64-fedora-gcc | 0.0.1 | 101.59 | NOTE | |||
r-devel-windows-x86_64 | 0.0.1 | 5.00 | 81.00 | 86.00 | NOTE | |
r-patched-linux-x86_64 | 0.0.1 | 3.87 | 49.03 | 52.90 | OK | |
r-release-linux-x86_64 | 0.0.1 | 3.00 | 48.62 | 51.62 | OK | |
r-release-macos-arm64 | 0.0.1 | 200.00 | OK | |||
r-release-macos-x86_64 | 0.0.1 | 222.00 | OK | |||
r-release-windows-x86_64 | 0.0.1 | 6.00 | 82.00 | 88.00 | OK | |
r-oldrel-macos-arm64 | 0.0.1 | 208.00 | OK | |||
r-oldrel-macos-x86_64 | 0.0.1 | 224.00 | OK | |||
r-oldrel-windows-x86_64 | 0.0.1 | 7.00 | 87.00 | 94.00 | OK |
Version: 0.0.1
Check: DESCRIPTION meta-information
Result: NOTE
Missing dependency on R >= 4.1.0 because package code uses the pipe
|> or function shorthand \(...) syntax added in R 4.1.0.
File(s) using such syntax:
‘extract_smoking.R’ ‘extract_test_data_var.R’ ‘extract_time_until.R’
‘misc_functions.R’
Flavors: r-devel-linux-x86_64-debian-clang, r-devel-linux-x86_64-debian-gcc, r-devel-linux-x86_64-fedora-clang, r-devel-linux-x86_64-fedora-gcc, r-devel-windows-x86_64
These binaries (installable software) and packages are in development.
They may not be fully stable and should be used with caution. We make no claims about them.