Last updated on 2025-10-23 11:50:24 CEST.
Flavor | Version | Tinstall | Tcheck | Ttotal | Status | Flags |
---|---|---|---|---|---|---|
r-devel-linux-x86_64-debian-clang | 1.2.1 | 8.61 | 157.93 | 166.54 | NOTE | |
r-devel-linux-x86_64-debian-gcc | 1.2.1 | 6.04 | 97.64 | 103.68 | OK | |
r-devel-linux-x86_64-fedora-clang | 1.2.1 | 19.00 | 239.80 | 258.80 | OK | |
r-devel-linux-x86_64-fedora-gcc | 1.2.1 | 18.00 | 230.75 | 248.75 | OK | |
r-devel-windows-x86_64 | 1.2.1 | 12.00 | 156.00 | 168.00 | OK | |
r-patched-linux-x86_64 | 1.2.1 | 8.74 | 148.98 | 157.72 | OK | |
r-release-linux-x86_64 | 1.2.1 | 8.21 | 147.68 | 155.89 | OK | |
r-release-macos-arm64 | 1.2.1 | 4.00 | 57.00 | 61.00 | OK | |
r-release-macos-x86_64 | 1.2.1 | 8.00 | 157.00 | 165.00 | OK | |
r-release-windows-x86_64 | 1.2.1 | 11.00 | 157.00 | 168.00 | OK | |
r-oldrel-macos-arm64 | 1.2.1 | 4.00 | 75.00 | 79.00 | OK | |
r-oldrel-macos-x86_64 | 1.2.1 | 7.00 | 157.00 | 164.00 | OK | |
r-oldrel-windows-x86_64 | 1.2.1 | 12.00 | 207.00 | 219.00 | OK |
Version: 1.2.1
Check: HTML version of manual
Result: NOTE
Found the following HTML validation problems:
GET_agency_id.html:46:1 (GET_agency_id.Rd:10): Warning: missing </ul> before </div>
Flavor: r-devel-linux-x86_64-debian-clang
These binaries (installable software) and packages are in development.
They may not be fully stable and should be used with caution. We make no claims about them.