CRAN Package Check Results for Package rdbnomics

Last updated on 2025-11-13 17:50:45 CET.

Flavor Version Tinstall Tcheck Ttotal Status Flags
r-devel-linux-x86_64-debian-clang 0.6.4 4.42 67.84 72.26 OK
r-devel-linux-x86_64-debian-gcc 0.6.4 3.67 54.75 58.42 OK
r-devel-linux-x86_64-fedora-clang 0.6.4 11.00 84.34 95.34 OK
r-devel-linux-x86_64-fedora-gcc 0.6.4 11.00 97.42 108.42 OK
r-devel-windows-x86_64 0.6.4 6.00 92.00 98.00 OK
r-patched-linux-x86_64 0.6.4 5.35 64.51 69.86 OK
r-release-linux-x86_64 0.6.4 4.87 64.44 69.31 OK
r-release-macos-arm64 0.6.4 2.00 43.00 45.00 OK
r-release-macos-x86_64 0.6.4 4.00 69.00 73.00 OK
r-release-windows-x86_64 0.6.4 5.00 85.00 90.00 OK
r-oldrel-macos-arm64 0.6.4 2.00 55.00 57.00 NOTE
r-oldrel-macos-x86_64 0.6.4 3.00 56.00 59.00 NOTE
r-oldrel-windows-x86_64 0.6.4 8.00 96.00 104.00 NOTE

Check Details

Version: 0.6.4
Check: LazyData
Result: NOTE 'LazyData' is specified without a 'data' directory Flavors: r-oldrel-macos-arm64, r-oldrel-macos-x86_64, r-oldrel-windows-x86_64

These binaries (installable software) and packages are in development.
They may not be fully stable and should be used with caution. We make no claims about them.