Last updated on 2025-02-16 08:50:58 CET.
Flavor | Version | Tinstall | Tcheck | Ttotal | Status | Flags |
---|---|---|---|---|---|---|
r-devel-linux-x86_64-debian-clang | 1.6.0 | 13.54 | 135.48 | 149.02 | NOTE | |
r-devel-linux-x86_64-debian-gcc | 1.6.0 | 9.11 | 99.54 | 108.65 | NOTE | |
r-devel-linux-x86_64-fedora-clang | 1.6.0 | 239.42 | NOTE | |||
r-devel-linux-x86_64-fedora-gcc | 1.6.0 | 234.23 | NOTE | |||
r-devel-macos-arm64 | 1.6.0 | 55.00 | OK | |||
r-devel-macos-x86_64 | 1.6.0 | 137.00 | OK | |||
r-devel-windows-x86_64 | 1.6.0 | 13.00 | 147.00 | 160.00 | NOTE | |
r-patched-linux-x86_64 | 1.6.0 | 18.83 | 125.14 | 143.97 | OK | |
r-release-linux-x86_64 | 1.6.0 | 12.29 | 126.56 | 138.85 | OK | |
r-release-macos-arm64 | 1.6.0 | 71.00 | OK | |||
r-release-macos-x86_64 | 1.6.0 | 102.00 | OK | |||
r-release-windows-x86_64 | 1.6.0 | 14.00 | 140.00 | 154.00 | OK | |
r-oldrel-macos-arm64 | 1.6.0 | 82.00 | OK | |||
r-oldrel-macos-x86_64 | 1.6.0 | 121.00 | OK | |||
r-oldrel-windows-x86_64 | 1.6.0 | 19.00 | 180.00 | 199.00 | OK |
Version: 1.6.0
Check: Rd cross-references
Result: NOTE
Found the following Rd file(s) with Rd \link{} targets missing package
anchors:
as.npregbw.Rd: npregbw, npreg
dens_test.Rd: DCdensity
Please provide package anchors for all Rd \link{} targets not in the
package itself and the base packages.
Flavors: r-devel-linux-x86_64-debian-clang, r-devel-linux-x86_64-debian-gcc, r-devel-windows-x86_64
Version: 1.6.0
Check: dependencies in R code
Result: NOTE
Namespace in Imports field not imported from: ‘rmarkdown’
All declared Imports should be used.
Flavors: r-devel-linux-x86_64-fedora-clang, r-devel-linux-x86_64-fedora-gcc
These binaries (installable software) and packages are in development.
They may not be fully stable and should be used with caution. We make no claims about them.