CRAN Package Check Results for Package rdfp

Last updated on 2025-02-16 08:50:58 CET.

Flavor Version Tinstall Tcheck Ttotal Status Flags
r-devel-linux-x86_64-debian-clang 0.1.4 11.42 97.91 109.33 NOTE
r-devel-linux-x86_64-debian-gcc 0.1.4 6.85 67.63 74.48 NOTE
r-devel-linux-x86_64-fedora-clang 0.1.4 176.20 OK
r-devel-linux-x86_64-fedora-gcc 0.1.4 177.19 OK
r-devel-macos-arm64 0.1.4 69.00 OK
r-devel-macos-x86_64 0.1.4 110.00 OK
r-devel-windows-x86_64 0.1.4 15.00 161.00 176.00 NOTE
r-patched-linux-x86_64 0.1.4 19.48 90.97 110.45 NOTE
r-release-linux-x86_64 0.1.4 9.46 91.45 100.91 NOTE
r-release-macos-arm64 0.1.4 57.00 NOTE
r-release-macos-x86_64 0.1.4 84.00 NOTE
r-release-windows-x86_64 0.1.4 14.00 153.00 167.00 NOTE
r-oldrel-macos-arm64 0.1.4 55.00 NOTE
r-oldrel-macos-x86_64 0.1.4 93.00 NOTE
r-oldrel-windows-x86_64 0.1.4 18.00 181.00 199.00 NOTE

Check Details

Version: 0.1.4
Check: Rd cross-references
Result: NOTE Found the following Rd file(s) with Rd \link{} targets missing package anchors: dfp_auth.Rd: Token-class Please provide package anchors for all Rd \link{} targets not in the package itself and the base packages. Flavors: r-devel-linux-x86_64-debian-clang, r-devel-linux-x86_64-debian-gcc, r-devel-windows-x86_64

Version: 0.1.4
Check: LazyData
Result: NOTE 'LazyData' is specified without a 'data' directory Flavors: r-patched-linux-x86_64, r-release-linux-x86_64, r-release-macos-arm64, r-release-macos-x86_64, r-release-windows-x86_64, r-oldrel-macos-arm64, r-oldrel-macos-x86_64, r-oldrel-windows-x86_64

These binaries (installable software) and packages are in development.
They may not be fully stable and should be used with caution. We make no claims about them.