Last updated on 2025-10-03 13:49:45 CEST.
Flavor | Version | Tinstall | Tcheck | Ttotal | Status | Flags |
---|---|---|---|---|---|---|
r-devel-linux-x86_64-debian-clang | 0.0.5 | 97.30 | 28.87 | 126.17 | NOTE | |
r-devel-linux-x86_64-debian-gcc | 0.0.5 | 54.38 | 22.43 | 76.81 | NOTE | |
r-devel-linux-x86_64-fedora-clang | 0.0.5 | 237.95 | NOTE | |||
r-devel-linux-x86_64-fedora-gcc | 0.0.5 | 202.23 | NOTE | |||
r-devel-windows-x86_64 | 0.0.5 | 108.00 | 65.00 | 173.00 | NOTE | |
r-patched-linux-x86_64 | 0.0.5 | 87.69 | 26.64 | 114.33 | NOTE | |
r-release-linux-x86_64 | 0.0.5 | 91.71 | 26.55 | 118.26 | NOTE | |
r-release-macos-arm64 | 0.0.5 | 46.00 | NOTE | |||
r-release-macos-x86_64 | 0.0.5 | 53.00 | NOTE | |||
r-release-windows-x86_64 | 0.0.5 | 106.00 | 62.00 | 168.00 | NOTE | |
r-oldrel-macos-arm64 | 0.0.5 | 47.00 | NOTE | |||
r-oldrel-macos-x86_64 | 0.0.5 | 48.00 | NOTE | |||
r-oldrel-windows-x86_64 | 0.0.5 | 126.00 | 77.00 | 203.00 | NOTE |
Version: 0.0.5
Check: Rd files
Result: NOTE
checkRd: (-1) farthest_point_sampling.Rd:28: Lost braces; missing escapes or markup?
28 | space P = {p_1, ..., p_k}, such that each p_i is the farthest
| ^
Flavors: r-devel-linux-x86_64-debian-clang, r-devel-linux-x86_64-debian-gcc, r-devel-linux-x86_64-fedora-clang, r-devel-linux-x86_64-fedora-gcc, r-devel-windows-x86_64, r-patched-linux-x86_64, r-release-linux-x86_64, r-release-macos-arm64, r-release-macos-x86_64, r-release-windows-x86_64, r-oldrel-macos-arm64, r-oldrel-macos-x86_64, r-oldrel-windows-x86_64
Version: 0.0.5
Check: LazyData
Result: NOTE
'LazyData' is specified without a 'data' directory
Flavors: r-oldrel-macos-arm64, r-oldrel-macos-x86_64, r-oldrel-windows-x86_64
These binaries (installable software) and packages are in development.
They may not be fully stable and should be used with caution. We make no claims about them.