Last updated on 2025-02-16 08:50:58 CET.
Flavor | Version | Tinstall | Tcheck | Ttotal | Status | Flags |
---|---|---|---|---|---|---|
r-devel-linux-x86_64-debian-clang | 0.0.5 | 91.57 | 26.95 | 118.52 | NOTE | |
r-devel-linux-x86_64-debian-gcc | 0.0.5 | 61.67 | 20.45 | 82.12 | NOTE | |
r-devel-linux-x86_64-fedora-clang | 0.0.5 | 244.64 | NOTE | |||
r-devel-linux-x86_64-fedora-gcc | 0.0.5 | 239.25 | NOTE | |||
r-devel-macos-arm64 | 0.0.5 | 46.00 | NOTE | |||
r-devel-macos-x86_64 | 0.0.5 | 61.00 | NOTE | |||
r-devel-windows-x86_64 | 0.0.5 | 93.00 | 75.00 | 168.00 | NOTE | |
r-patched-linux-x86_64 | 0.0.5 | 85.93 | 25.14 | 111.07 | NOTE | |
r-release-linux-x86_64 | 0.0.5 | 83.66 | 25.76 | 109.42 | NOTE | |
r-release-macos-arm64 | 0.0.5 | 47.00 | NOTE | |||
r-release-macos-x86_64 | 0.0.5 | 48.00 | NOTE | |||
r-release-windows-x86_64 | 0.0.5 | 96.00 | 67.00 | 163.00 | NOTE | |
r-oldrel-macos-arm64 | 0.0.5 | 59.00 | NOTE | |||
r-oldrel-macos-x86_64 | 0.0.5 | 108.00 | NOTE | |||
r-oldrel-windows-x86_64 | 0.0.5 | 116.00 | 96.00 | 212.00 | NOTE |
Version: 0.0.5
Check: Rd files
Result: NOTE
checkRd: (-1) farthest_point_sampling.Rd:28: Lost braces; missing escapes or markup?
28 | space P = {p_1, ..., p_k}, such that each p_i is the farthest
| ^
Flavors: r-devel-linux-x86_64-debian-clang, r-devel-linux-x86_64-debian-gcc, r-devel-linux-x86_64-fedora-clang, r-devel-linux-x86_64-fedora-gcc, r-devel-macos-arm64, r-devel-macos-x86_64, r-devel-windows-x86_64, r-patched-linux-x86_64, r-release-linux-x86_64, r-release-macos-arm64, r-release-macos-x86_64, r-release-windows-x86_64
Version: 0.0.5
Check: LazyData
Result: NOTE
'LazyData' is specified without a 'data' directory
Flavors: r-patched-linux-x86_64, r-release-linux-x86_64, r-release-macos-arm64, r-release-macos-x86_64, r-release-windows-x86_64, r-oldrel-macos-arm64, r-oldrel-macos-x86_64, r-oldrel-windows-x86_64
These binaries (installable software) and packages are in development.
They may not be fully stable and should be used with caution. We make no claims about them.