Last updated on 2025-11-13 15:51:22 CET.
| Flavor | Version | Tinstall | Tcheck | Ttotal | Status | Flags |
|---|---|---|---|---|---|---|
| r-devel-linux-x86_64-debian-clang | 2.2.0 | 6.07 | 54.46 | 60.53 | NOTE | |
| r-devel-linux-x86_64-debian-gcc | 2.2.0 | 4.46 | 39.57 | 44.03 | NOTE | |
| r-devel-linux-x86_64-fedora-clang | 2.2.0 | 13.00 | 81.07 | 94.07 | NOTE | |
| r-devel-linux-x86_64-fedora-gcc | 2.2.0 | 16.00 | 87.32 | 103.32 | NOTE | |
| r-devel-windows-x86_64 | 2.2.0 | 10.00 | 77.00 | 87.00 | NOTE | |
| r-patched-linux-x86_64 | 2.2.0 | 7.61 | 50.43 | 58.04 | OK | |
| r-release-linux-x86_64 | 2.2.0 | 6.51 | 51.27 | 57.78 | OK | |
| r-release-macos-arm64 | 2.2.0 | 3.00 | 39.00 | 42.00 | OK | |
| r-release-macos-x86_64 | 2.2.0 | 6.00 | 67.00 | 73.00 | OK | |
| r-release-windows-x86_64 | 2.2.0 | 8.00 | 78.00 | 86.00 | OK | |
| r-oldrel-macos-arm64 | 2.2.0 | 3.00 | 33.00 | 36.00 | OK | |
| r-oldrel-macos-x86_64 | 2.2.0 | 5.00 | 48.00 | 53.00 | OK | |
| r-oldrel-windows-x86_64 | 2.2.0 | 10.00 | 92.00 | 102.00 | OK |
Version: 2.2.0
Check: CRAN incoming feasibility
Result: NOTE
Maintainer: ‘Richard Reeve <richard.reeve@glasgow.ac.uk>’
The Description field contains
<arXiv:1404.6520v3>.
Please refer to arXiv e-prints via their arXiv DOI <doi:10.48550/arXiv.YYMM.NNNNN>.
Flavors: r-devel-linux-x86_64-debian-clang, r-devel-linux-x86_64-debian-gcc
Version: 2.2.0
Check: Rd files
Result: NOTE
checkRd: (-1) phy_struct.Rd:21-29: Only 2 columns allowed in this table (row 2 has 1)
Flavors: r-devel-linux-x86_64-debian-clang, r-devel-linux-x86_64-debian-gcc, r-devel-linux-x86_64-fedora-clang, r-devel-linux-x86_64-fedora-gcc, r-devel-windows-x86_64
These binaries (installable software) and packages are in development.
They may not be fully stable and should be used with caution. We make no claims about them.