CRAN Package Check Results for Package rdiversity

Last updated on 2025-10-23 17:50:59 CEST.

Flavor Version Tinstall Tcheck Ttotal Status Flags
r-devel-linux-x86_64-debian-clang 2.2.0 6.50 53.93 60.43 NOTE
r-devel-linux-x86_64-debian-gcc 2.2.0 4.77 39.55 44.32 NOTE
r-devel-linux-x86_64-fedora-clang 2.2.0 14.00 77.76 91.76 OK
r-devel-linux-x86_64-fedora-gcc 2.2.0 15.00 87.51 102.51 OK
r-devel-windows-x86_64 2.2.0 9.00 78.00 87.00 OK
r-patched-linux-x86_64 2.2.0 7.25 50.88 58.13 OK
r-release-linux-x86_64 2.2.0 6.55 51.20 57.75 OK
r-release-macos-arm64 2.2.0 3.00 39.00 42.00 OK
r-release-macos-x86_64 2.2.0 6.00 67.00 73.00 OK
r-release-windows-x86_64 2.2.0 10.00 79.00 89.00 OK
r-oldrel-macos-arm64 2.2.0 3.00 33.00 36.00 OK
r-oldrel-macos-x86_64 2.2.0 5.00 48.00 53.00 OK
r-oldrel-windows-x86_64 2.2.0 10.00 89.00 99.00 OK

Check Details

Version: 2.2.0
Check: CRAN incoming feasibility
Result: NOTE Maintainer: ‘Richard Reeve <richard.reeve@glasgow.ac.uk>’ The Description field contains <arXiv:1404.6520v3>. Please refer to arXiv e-prints via their arXiv DOI <doi:10.48550/arXiv.YYMM.NNNNN>. Flavors: r-devel-linux-x86_64-debian-clang, r-devel-linux-x86_64-debian-gcc

Version: 2.2.0
Check: HTML version of manual
Result: NOTE Found the following HTML validation problems: Ops.binary.html:51:1 (Ops.binary.Rd:12): Warning: missing </ul> before </div> loadAttributes.html:50:1 (loadAttributes.Rd:12): Warning: missing </ul> before </div> phy_abundance.html:55:1 (phy_abundance.Rd:17): Warning: missing </ul> before </div> saveAttributes.html:46:1 (saveAttributes.Rd:10): Warning: missing </ul> before </div> Flavor: r-devel-linux-x86_64-debian-clang

These binaries (installable software) and packages are in development.
They may not be fully stable and should be used with caution. We make no claims about them.