CRAN Package Check Results for Package rdnb

Last updated on 2025-11-12 18:50:43 CET.

Flavor Version Tinstall Tcheck Ttotal Status Flags
r-devel-linux-x86_64-debian-clang 0.1-5 3.39 31.60 34.99 NOTE
r-devel-linux-x86_64-debian-gcc 0.1-5 2.14 24.02 26.16 NOTE
r-devel-linux-x86_64-fedora-clang 0.1-5 53.41 OK
r-devel-linux-x86_64-fedora-gcc 0.1-5 67.03 OK
r-devel-windows-x86_64 0.1-5 5.00 51.00 56.00 OK
r-patched-linux-x86_64 0.1-5 3.50 30.03 33.53 OK
r-release-linux-x86_64 0.1-5 2.96 30.60 33.56 OK
r-release-macos-arm64 0.1-5 1.00 24.00 25.00 OK
r-release-macos-x86_64 0.1-5 3.00 38.00 41.00 OK
r-release-windows-x86_64 0.1-5 6.00 48.00 54.00 OK
r-oldrel-macos-arm64 0.1-5 1.00 22.00 23.00 OK
r-oldrel-macos-x86_64 0.1-5 2.00 32.00 34.00 OK
r-oldrel-windows-x86_64 0.1-5 6.00 57.00 63.00 OK

Check Details

Version: 0.1-5
Check: CRAN incoming feasibility
Result: NOTE Maintainer: ‘Christian Graul <christian.graul@gmail.com>’ No Authors@R field in DESCRIPTION. Please add one, modifying Authors@R: person(given = "Christian", family = "Graul", role = c("aut", "cre"), email = "christian.graul@gmail.com") as necessary. Package CITATION file contains call(s) to old-style citEntry(). Please use bibentry() instead. Flavors: r-devel-linux-x86_64-debian-clang, r-devel-linux-x86_64-debian-gcc

These binaries (installable software) and packages are in development.
They may not be fully stable and should be used with caution. We make no claims about them.