CRAN Package Check Results for Package rdoxygen

Last updated on 2025-02-16 08:50:58 CET.

Flavor Version Tinstall Tcheck Ttotal Status Flags
r-devel-linux-x86_64-debian-clang 1.0.0 2.88 19.27 22.15 OK
r-devel-linux-x86_64-debian-gcc 1.0.0 1.84 15.87 17.71 OK
r-devel-linux-x86_64-fedora-clang 1.0.0 36.60 OK
r-devel-linux-x86_64-fedora-gcc 1.0.0 34.14 OK
r-devel-macos-arm64 1.0.0 20.00 OK
r-devel-macos-x86_64 1.0.0 36.00 OK
r-devel-windows-x86_64 1.0.0 8.00 46.00 54.00 OK
r-patched-linux-x86_64 1.0.0 2.46 18.36 20.82 NOTE
r-release-linux-x86_64 1.0.0 2.40 19.21 21.61 NOTE
r-release-macos-arm64 1.0.0 18.00 NOTE
r-release-macos-x86_64 1.0.0 25.00 NOTE
r-release-windows-x86_64 1.0.0 8.00 48.00 56.00 NOTE
r-oldrel-macos-arm64 1.0.0 19.00 NOTE
r-oldrel-macos-x86_64 1.0.0 23.00 NOTE
r-oldrel-windows-x86_64 1.0.0 8.00 47.00 55.00 NOTE

Check Details

Version: 1.0.0
Check: LazyData
Result: NOTE 'LazyData' is specified without a 'data' directory Flavors: r-patched-linux-x86_64, r-release-linux-x86_64, r-release-macos-arm64, r-release-macos-x86_64, r-release-windows-x86_64, r-oldrel-macos-arm64, r-oldrel-macos-x86_64, r-oldrel-windows-x86_64

These binaries (installable software) and packages are in development.
They may not be fully stable and should be used with caution. We make no claims about them.