Last updated on 2025-10-23 17:50:59 CEST.
Flavor | Version | Tinstall | Tcheck | Ttotal | Status | Flags |
---|---|---|---|---|---|---|
r-devel-linux-x86_64-debian-clang | 1.0.0 | 4.13 | 40.19 | 44.32 | NOTE | |
r-devel-linux-x86_64-debian-gcc | 1.0.0 | 2.92 | 30.74 | 33.66 | OK | |
r-devel-linux-x86_64-fedora-clang | 1.0.0 | 64.28 | OK | |||
r-devel-linux-x86_64-fedora-gcc | 1.0.0 | 60.74 | OK | |||
r-devel-windows-x86_64 | 1.0.0 | 6.00 | 62.00 | 68.00 | OK | |
r-patched-linux-x86_64 | 1.0.0 | 3.62 | 37.14 | 40.76 | OK | |
r-release-linux-x86_64 | 1.0.0 | 3.72 | 37.12 | 40.84 | OK | |
r-release-macos-arm64 | 1.0.0 | 2.00 | 27.00 | 29.00 | OK | |
r-release-macos-x86_64 | 1.0.0 | 3.00 | 37.00 | 40.00 | OK | |
r-release-windows-x86_64 | 1.0.0 | 7.00 | 62.00 | 69.00 | OK | |
r-oldrel-macos-arm64 | 1.0.0 | 2.00 | 20.00 | 22.00 | OK | |
r-oldrel-macos-x86_64 | 1.0.0 | 3.00 | 31.00 | 34.00 | OK | |
r-oldrel-windows-x86_64 | 1.0.0 | 7.00 | 70.00 | 77.00 | OK |
Version: 1.0.0
Check: HTML version of manual
Result: NOTE
Found the following HTML validation problems:
doi2handle-defunct.html:48:1 (doi2handle-defunct.Rd:13): Warning: missing </ul> before </div>
dryad_fetch-defunct.html:46:1 (dryad_fetch-defunct.Rd:10): Warning: missing </ul> before </div>
dryad_metadata-defunct.html:46:1 (dryad_metadata-defunct.Rd:10): Warning: missing </ul> before </div>
dryad_package_dois-defunct.html:46:1 (dryad_package_dois-defunct.Rd:10): Warning: missing </ul> before </div>
Flavor: r-devel-linux-x86_64-debian-clang
These binaries (installable software) and packages are in development.
They may not be fully stable and should be used with caution. We make no claims about them.