CRAN Package Check Results for Package rdtLite

Last updated on 2025-02-19 17:51:01 CET.

Flavor Version Tinstall Tcheck Ttotal Status Flags
r-devel-linux-x86_64-debian-clang 1.4 5.79 37.21 43.00 OK
r-devel-linux-x86_64-debian-gcc 1.4 4.48 26.75 31.23 OK
r-devel-linux-x86_64-fedora-clang 1.4 70.92 NOTE
r-devel-linux-x86_64-fedora-gcc 1.4 80.63 NOTE
r-devel-macos-arm64 1.4 31.00 OK
r-devel-macos-x86_64 1.4 69.00 OK
r-devel-windows-x86_64 1.4 8.00 56.00 64.00 OK
r-patched-linux-x86_64 1.4 5.18 35.96 41.14 OK
r-release-linux-x86_64 1.4 5.82 35.59 41.41 OK
r-release-macos-arm64 1.4 27.00 OK
r-release-macos-x86_64 1.4 45.00 OK
r-release-windows-x86_64 1.4 8.00 55.00 63.00 OK
r-oldrel-macos-arm64 1.4 30.00 OK
r-oldrel-macos-x86_64 1.4 44.00 OK
r-oldrel-windows-x86_64 1.4 10.00 91.00 101.00 OK

Check Details

Version: 1.4
Check: dependencies in R code
Result: NOTE Namespace in Imports field not imported from: ‘gtools’ All declared Imports should be used. Flavors: r-devel-linux-x86_64-fedora-clang, r-devel-linux-x86_64-fedora-gcc

These binaries (installable software) and packages are in development.
They may not be fully stable and should be used with caution. We make no claims about them.