Last updated on 2025-10-23 23:49:42 CEST.
| Flavor | Version | Tinstall | Tcheck | Ttotal | Status | Flags |
|---|---|---|---|---|---|---|
| r-devel-linux-x86_64-debian-clang | 1.4 | 6.78 | 39.79 | 46.57 | OK | |
| r-devel-linux-x86_64-debian-gcc | 1.4 | 4.15 | 29.65 | 33.80 | OK | |
| r-devel-linux-x86_64-fedora-clang | 1.4 | 12.00 | 60.56 | 72.56 | NOTE | |
| r-devel-linux-x86_64-fedora-gcc | 1.4 | 12.00 | 70.67 | 82.67 | NOTE | |
| r-devel-windows-x86_64 | 1.4 | 9.00 | 54.00 | 63.00 | OK | |
| r-patched-linux-x86_64 | 1.4 | 6.66 | 37.50 | 44.16 | OK | |
| r-release-linux-x86_64 | 1.4 | 4.23 | 37.73 | 41.96 | OK | |
| r-release-macos-arm64 | 1.4 | 3.00 | 34.00 | 37.00 | OK | |
| r-release-macos-x86_64 | 1.4 | 6.00 | 49.00 | 55.00 | OK | |
| r-release-windows-x86_64 | 1.4 | 9.00 | 55.00 | 64.00 | OK | |
| r-oldrel-macos-arm64 | 1.4 | 3.00 | 24.00 | 27.00 | OK | |
| r-oldrel-macos-x86_64 | 1.4 | 4.00 | 41.00 | 45.00 | OK | |
| r-oldrel-windows-x86_64 | 1.4 | 10.00 | 64.00 | 74.00 | OK |
Version: 1.4
Check: dependencies in R code
Result: NOTE
Namespace in Imports field not imported from: ‘gtools’
All declared Imports should be used.
Flavors: r-devel-linux-x86_64-fedora-clang, r-devel-linux-x86_64-fedora-gcc
These binaries (installable software) and packages are in development.
They may not be fully stable and should be used with caution. We make no claims about them.