Last updated on 2024-07-27 15:50:31 CEST.
Flavor | Version | Tinstall | Tcheck | Ttotal | Status | Flags |
---|---|---|---|---|---|---|
r-devel-linux-x86_64-debian-clang | 1.8.0 | 15.00 | 127.97 | 142.97 | OK | |
r-devel-linux-x86_64-debian-gcc | 1.8.0 | NOTE | ||||
r-devel-linux-x86_64-fedora-clang | 1.8.0 | 175.14 | NOTE | |||
r-devel-linux-x86_64-fedora-gcc | 1.8.0 | 180.96 | OK | |||
r-devel-windows-x86_64 | 1.8.0 | 15.00 | 121.00 | 136.00 | NOTE | |
r-patched-linux-x86_64 | 1.8.0 | OK | ||||
r-release-linux-x86_64 | 1.8.0 | 13.25 | 119.52 | 132.77 | OK | |
r-release-macos-arm64 | 1.8.0 | 68.00 | NOTE | |||
r-release-macos-x86_64 | 1.8.0 | 89.00 | NOTE | |||
r-release-windows-x86_64 | 1.8.0 | 15.00 | 123.00 | 138.00 | NOTE | |
r-oldrel-macos-arm64 | 1.8.0 | 76.00 | NOTE | |||
r-oldrel-macos-x86_64 | 1.8.0 | 199.00 | NOTE | |||
r-oldrel-windows-x86_64 | 1.8.0 | 15.00 | 144.00 | 159.00 | NOTE |
Version: 1.8.0
Check: Rd cross-references
Result: NOTE
Found the following Rd file(s) with Rd \link{} targets missing package
anchors:
dataDWD.Rd: newFilename
Please provide package anchors for all Rd \link{} targets not in the
package itself and the base packages.
Flavors: r-devel-linux-x86_64-debian-gcc, r-devel-windows-x86_64
Version: 1.8.0
Check: installed package size
Result: NOTE
installed size is 6.5Mb
sub-directories of 1Mb or more:
R 3.8Mb
data 1.5Mb
Flavors: r-devel-linux-x86_64-fedora-clang, r-devel-windows-x86_64, r-release-macos-arm64, r-release-macos-x86_64, r-release-windows-x86_64, r-oldrel-macos-arm64, r-oldrel-macos-x86_64, r-oldrel-windows-x86_64
These binaries (installable software) and packages are in development.
They may not be fully stable and should be used with caution. We make no claims about them.