Last updated on 2024-07-27 15:50:31 CEST.
Flavor | Version | Tinstall | Tcheck | Ttotal | Status | Flags |
---|---|---|---|---|---|---|
r-devel-linux-x86_64-debian-clang | 0.0.4 | 14.97 | 39.07 | 54.04 | NOTE | |
r-devel-linux-x86_64-debian-gcc | 0.0.4 | NOTE | ||||
r-devel-linux-x86_64-fedora-clang | 0.0.4 | 84.75 | NOTE | |||
r-devel-linux-x86_64-fedora-gcc | 0.0.4 | 89.47 | NOTE | |||
r-devel-windows-x86_64 | 0.0.4 | 20.00 | 74.00 | 94.00 | NOTE | |
r-patched-linux-x86_64 | 0.0.4 | OK | ||||
r-release-linux-x86_64 | 0.0.4 | 16.25 | 36.14 | 52.39 | OK | |
r-release-macos-arm64 | 0.0.4 | 32.00 | OK | |||
r-release-macos-x86_64 | 0.0.4 | 51.00 | OK | |||
r-release-windows-x86_64 | 0.0.4 | 19.00 | 74.00 | 93.00 | OK | |
r-oldrel-macos-arm64 | 0.0.4 | 36.00 | OK | |||
r-oldrel-macos-x86_64 | 0.0.4 | 62.00 | OK | |||
r-oldrel-windows-x86_64 | 0.0.4 | 22.00 | 78.00 | 100.00 | OK |
Version: 0.0.4
Check: compiled code
Result: NOTE
File ‘readNSx/libs/readNSx.so’:
Found non-API calls to R: ‘SETLENGTH’, ‘SET_GROWABLE_BIT’,
‘SET_TRUELENGTH’
Compiled code should not call non-API entry points in R.
See ‘Writing portable packages’ in the ‘Writing R Extensions’ manual,
and section ‘Moving into C API compliance’ for issues with the use of
non-API entry points.
Flavors: r-devel-linux-x86_64-debian-clang, r-devel-linux-x86_64-debian-gcc, r-devel-linux-x86_64-fedora-clang, r-devel-linux-x86_64-fedora-gcc
Version: 0.0.4
Check: compiled code
Result: NOTE
File 'readNSx/libs/x64/readNSx.dll':
Found non-API calls to R: 'SETLENGTH', 'SET_GROWABLE_BIT',
'SET_TRUELENGTH'
Compiled code should not call non-API entry points in R.
See 'Writing portable packages' in the 'Writing R Extensions' manual,
and section 'Moving into C API compliance' for issues with the use of
non-API entry points.
Flavor: r-devel-windows-x86_64
These binaries (installable software) and packages are in development.
They may not be fully stable and should be used with caution. We make no claims about them.