Last updated on 2025-02-23 07:52:06 CET.
Flavor | Version | Tinstall | Tcheck | Ttotal | Status | Flags |
---|---|---|---|---|---|---|
r-devel-linux-x86_64-debian-clang | 0.2.0 | 4.28 | 39.22 | 43.50 | NOTE | |
r-devel-linux-x86_64-debian-gcc | 0.2.0 | 2.56 | 30.02 | 32.58 | NOTE | |
r-devel-linux-x86_64-fedora-clang | 0.2.1 | 55.51 | OK | |||
r-devel-linux-x86_64-fedora-gcc | 0.2.1 | 62.05 | OK | |||
r-devel-macos-arm64 | 0.2.0 | 32.00 | OK | |||
r-devel-macos-x86_64 | 0.2.1 | 59.00 | OK | |||
r-devel-windows-x86_64 | 0.2.0 | 6.00 | 67.00 | 73.00 | NOTE | |
r-patched-linux-x86_64 | 0.2.0 | 4.07 | 37.38 | 41.45 | OK | |
r-release-linux-x86_64 | 0.2.0 | 3.40 | 37.35 | 40.75 | OK | |
r-release-macos-arm64 | 0.2.0 | 34.00 | OK | |||
r-release-macos-x86_64 | 0.2.1 | 52.00 | OK | |||
r-release-windows-x86_64 | 0.2.0 | 6.00 | 66.00 | 72.00 | OK | |
r-oldrel-macos-x86_64 | 0.2.1 | 50.00 | OK | |||
r-oldrel-windows-x86_64 | 0.2.0 | 7.00 | 73.00 | 80.00 | OK |
Version: 0.2.0
Check: DESCRIPTION meta-information
Result: NOTE
Missing dependency on R >= 4.1.0 because package code uses the pipe
|> or function shorthand \(...) syntax added in R 4.1.0.
File(s) using such syntax:
‘download_apra.R’ ‘read_adipops.R’ ‘universal_helpers.R’
Flavors: r-devel-linux-x86_64-debian-clang, r-devel-linux-x86_64-debian-gcc, r-devel-windows-x86_64
These binaries (installable software) and packages are in development.
They may not be fully stable and should be used with caution. We make no claims about them.