CRAN Package Check Results for Package reader

Last updated on 2025-02-16 08:50:58 CET.

Flavor Version Tinstall Tcheck Ttotal Status Flags
r-devel-linux-x86_64-debian-clang 1.0.6 2.52 23.61 26.13 NOTE
r-devel-linux-x86_64-debian-gcc 1.0.6 2.24 18.02 20.26 NOTE
r-devel-linux-x86_64-fedora-clang 1.0.6 42.86 NOTE
r-devel-linux-x86_64-fedora-gcc 1.0.6 39.90 NOTE
r-devel-macos-arm64 1.0.6 16.00 NOTE
r-devel-macos-x86_64 1.0.6 27.00 NOTE
r-devel-windows-x86_64 1.0.6 3.00 49.00 52.00 NOTE
r-patched-linux-x86_64 1.0.6 2.91 22.34 25.25 NOTE
r-release-linux-x86_64 1.0.6 2.22 22.49 24.71 NOTE
r-release-macos-arm64 1.0.6 16.00 NOTE
r-release-macos-x86_64 1.0.6 26.00 NOTE
r-release-windows-x86_64 1.0.6 4.00 50.00 54.00 NOTE
r-oldrel-macos-arm64 1.0.6 18.00 OK
r-oldrel-macos-x86_64 1.0.6 24.00 OK
r-oldrel-windows-x86_64 1.0.6 5.00 77.00 82.00 OK

Check Details

Version: 1.0.6
Check: Rd files
Result: NOTE checkRd: (-1) reader-package.Rd:38: Lost braces in \itemize; meant \describe ? checkRd: (-1) reader-package.Rd:39: Lost braces in \itemize; meant \describe ? checkRd: (-1) reader-package.Rd:40: Lost braces in \itemize; meant \describe ? checkRd: (-1) reader-package.Rd:41: Lost braces in \itemize; meant \describe ? checkRd: (-1) reader-package.Rd:42: Lost braces in \itemize; meant \describe ? checkRd: (-1) reader-package.Rd:43: Lost braces in \itemize; meant \describe ? checkRd: (-1) reader-package.Rd:44: Lost braces in \itemize; meant \describe ? checkRd: (-1) reader-package.Rd:45: Lost braces in \itemize; meant \describe ? checkRd: (-1) reader-package.Rd:46: Lost braces in \itemize; meant \describe ? checkRd: (-1) reader-package.Rd:47: Lost braces in \itemize; meant \describe ? checkRd: (-1) reader-package.Rd:48: Lost braces in \itemize; meant \describe ? checkRd: (-1) reader-package.Rd:49: Lost braces in \itemize; meant \describe ? checkRd: (-1) reader-package.Rd:50: Lost braces in \itemize; meant \describe ? checkRd: (-1) reader-package.Rd:51: Lost braces in \itemize; meant \describe ? checkRd: (-1) reader-package.Rd:52: Lost braces in \itemize; meant \describe ? checkRd: (-1) reader-package.Rd:53: Lost braces in \itemize; meant \describe ? checkRd: (-1) reader-package.Rd:54: Lost braces in \itemize; meant \describe ? checkRd: (-1) reader-package.Rd:55: Lost braces in \itemize; meant \describe ? Flavors: r-devel-linux-x86_64-debian-clang, r-devel-linux-x86_64-debian-gcc, r-devel-linux-x86_64-fedora-clang, r-devel-linux-x86_64-fedora-gcc, r-devel-macos-arm64, r-devel-macos-x86_64, r-devel-windows-x86_64, r-patched-linux-x86_64, r-release-linux-x86_64, r-release-macos-arm64, r-release-macos-x86_64, r-release-windows-x86_64

Version: 1.0.6
Check: for non-standard things in the check directory
Result: NOTE Found the following files/directories: ‘temp.txt’ ‘temp2.csv’ ‘temp3.rda’ Flavors: r-devel-linux-x86_64-debian-clang, r-devel-linux-x86_64-debian-gcc, r-devel-linux-x86_64-fedora-clang, r-devel-linux-x86_64-fedora-gcc, r-patched-linux-x86_64, r-release-linux-x86_64

These binaries (installable software) and packages are in development.
They may not be fully stable and should be used with caution. We make no claims about them.