CRAN Package Check Results for Package readit

Last updated on 2025-05-24 03:50:42 CEST.

Flavor Version Tinstall Tcheck Ttotal Status Flags
r-devel-linux-x86_64-debian-clang 1.0.0 4.32 40.36 44.68 OK
r-devel-linux-x86_64-debian-gcc 1.0.0 2.77 29.10 31.87 OK
r-devel-linux-x86_64-fedora-clang 1.0.0 72.00 OK
r-devel-linux-x86_64-fedora-gcc 1.0.0 66.95 OK
r-devel-windows-x86_64 1.0.0 5.00 60.00 65.00 OK
r-patched-linux-x86_64 1.0.0 4.19 38.21 42.40 OK
r-release-linux-x86_64 1.0.0 4.05 37.52 41.57 OK
r-release-macos-arm64 1.0.0 25.00 OK
r-release-macos-x86_64 1.0.0 41.00 OK
r-release-windows-x86_64 1.0.0 5.00 80.00 85.00 OK
r-oldrel-macos-arm64 1.0.0 24.00 NOTE
r-oldrel-macos-x86_64 1.0.0 34.00 NOTE
r-oldrel-windows-x86_64 1.0.0 7.00 65.00 72.00 NOTE

Check Details

Version: 1.0.0
Check: LazyData
Result: NOTE 'LazyData' is specified without a 'data' directory Flavors: r-oldrel-macos-arm64, r-oldrel-macos-x86_64, r-oldrel-windows-x86_64

These binaries (installable software) and packages are in development.
They may not be fully stable and should be used with caution. We make no claims about them.