Last updated on 2025-02-16 08:50:58 CET.
Flavor | Version | Tinstall | Tcheck | Ttotal | Status | Flags |
---|---|---|---|---|---|---|
r-devel-linux-x86_64-debian-clang | 0.2-12 | 3.63 | 31.54 | 35.17 | NOTE | |
r-devel-linux-x86_64-debian-gcc | 0.2-12 | 2.63 | 24.45 | 27.08 | NOTE | |
r-devel-linux-x86_64-fedora-clang | 0.2-12 | 57.33 | NOTE | |||
r-devel-linux-x86_64-fedora-gcc | 0.2-12 | 53.59 | NOTE | |||
r-devel-macos-arm64 | 0.2-12 | 22.00 | NOTE | |||
r-devel-macos-x86_64 | 0.2-12 | 35.00 | NOTE | |||
r-devel-windows-x86_64 | 0.2-12 | 6.00 | 52.00 | 58.00 | NOTE | |
r-patched-linux-x86_64 | 0.2-12 | 3.67 | 29.75 | 33.42 | NOTE | |
r-release-linux-x86_64 | 0.2-12 | 3.77 | 29.35 | 33.12 | NOTE | |
r-release-macos-arm64 | 0.2-12 | 20.00 | NOTE | |||
r-release-macos-x86_64 | 0.2-12 | 30.00 | NOTE | |||
r-release-windows-x86_64 | 0.2-12 | 6.00 | 53.00 | 59.00 | NOTE | |
r-oldrel-macos-arm64 | 0.2-12 | 19.00 | OK | |||
r-oldrel-macos-x86_64 | 0.2-12 | 24.00 | OK | |||
r-oldrel-windows-x86_64 | 0.2-12 | 6.00 | 68.00 | 74.00 | OK |
Version: 0.2-12
Check: Rd files
Result: NOTE
checkRd: (-1) get.skip.Rd:15: Lost braces
15 | line in the file to determine the {code{skip}} value.}
| ^
checkRd: (-1) get.skip.Rd:15: Lost braces
15 | line in the file to determine the {code{skip}} value.}
| ^
Flavors: r-devel-linux-x86_64-debian-clang, r-devel-linux-x86_64-debian-gcc, r-devel-linux-x86_64-fedora-clang, r-devel-linux-x86_64-fedora-gcc, r-devel-macos-arm64, r-devel-macos-x86_64, r-devel-windows-x86_64, r-patched-linux-x86_64, r-release-linux-x86_64, r-release-macos-arm64, r-release-macos-x86_64, r-release-windows-x86_64
These binaries (installable software) and packages are in development.
They may not be fully stable and should be used with caution. We make no claims about them.