Last updated on 2025-05-01 12:49:38 CEST.
Flavor | Version | Tinstall | Tcheck | Ttotal | Status | Flags |
---|---|---|---|---|---|---|
r-devel-linux-x86_64-debian-clang | 0.1.11 | 5.43 | 75.78 | 81.21 | NOTE | |
r-devel-linux-x86_64-debian-gcc | 0.1.11 | 3.96 | 52.96 | 56.92 | NOTE | |
r-devel-linux-x86_64-fedora-clang | 0.1.11 | 122.77 | NOTE | |||
r-devel-linux-x86_64-fedora-gcc | 0.1.11 | 129.39 | NOTE | |||
r-devel-windows-x86_64 | 0.1.11 | 7.00 | 103.00 | 110.00 | NOTE | |
r-patched-linux-x86_64 | 0.1.11 | 5.45 | 70.14 | 75.59 | NOTE | |
r-release-linux-x86_64 | NOTE | |||||
r-release-macos-arm64 | 0.1.11 | 42.00 | NOTE | |||
r-release-macos-x86_64 | 0.1.11 | 85.00 | NOTE | |||
r-release-windows-x86_64 | 0.1.11 | 8.00 | 109.00 | 117.00 | NOTE | |
r-oldrel-macos-arm64 | 0.1.11 | 49.00 | OK | |||
r-oldrel-macos-x86_64 | 0.1.11 | 74.00 | OK | |||
r-oldrel-windows-x86_64 | 0.1.11 | 8.00 | 111.00 | 119.00 | OK |
Version: 0.1.11
Check: DESCRIPTION meta-information
Result: NOTE
Missing dependency on R >= 4.1.0 because package code uses the pipe
|> or function shorthand \(...) syntax added in R 4.1.0.
File(s) using such syntax:
‘tidy_rba.R’
Flavors: r-devel-linux-x86_64-debian-clang, r-devel-linux-x86_64-debian-gcc, r-devel-linux-x86_64-fedora-clang, r-devel-linux-x86_64-fedora-gcc, r-devel-windows-x86_64, r-patched-linux-x86_64, r-release-linux-x86_64, r-release-macos-arm64, r-release-macos-x86_64, r-release-windows-x86_64
Version: 0.1.11
Check: examples
Result: NOTE
Examples with CPU (user + system) or elapsed time > 5s
user system elapsed
rba_forecasts 5.005 0.278 8.786
Flavor: r-devel-linux-x86_64-debian-clang
Version: 0.1.11
Check: examples
Result: NA
user system elapsed
rba_forecasts 2.875 0.176 5.319
OK
Flavor: r-devel-linux-x86_64-debian-gcc
These binaries (installable software) and packages are in development.
They may not be fully stable and should be used with caution. We make no claims about them.