CRAN Package Check Results for Package readroper

Last updated on 2025-02-16 08:50:58 CET.

Flavor Version Tinstall Tcheck Ttotal Status Flags
r-devel-linux-x86_64-debian-clang 0.9.3 1.69 24.70 26.39 OK
r-devel-linux-x86_64-debian-gcc 0.9.3 1.43 19.44 20.87 OK
r-devel-linux-x86_64-fedora-clang 0.9.3 44.62 OK
r-devel-linux-x86_64-fedora-gcc 0.9.3 55.72 OK
r-devel-macos-arm64 0.9.3 25.00 OK
r-devel-macos-x86_64 0.9.3 55.00 OK
r-devel-windows-x86_64 0.9.3 3.00 47.00 50.00 OK
r-patched-linux-x86_64 0.9.3 1.71 23.53 25.24 NOTE
r-release-linux-x86_64 0.9.3 1.72 23.80 25.52 NOTE
r-release-macos-arm64 0.9.3 23.00 NOTE
r-release-macos-x86_64 0.9.3 32.00 NOTE
r-release-windows-x86_64 0.9.3 4.00 58.00 62.00 NOTE
r-oldrel-macos-arm64 0.9.3 23.00 NOTE
r-oldrel-macos-x86_64 0.9.3 34.00 NOTE
r-oldrel-windows-x86_64 0.9.3 4.00 44.00 48.00 NOTE

Check Details

Version: 0.9.3
Check: LazyData
Result: NOTE 'LazyData' is specified without a 'data' directory Flavors: r-patched-linux-x86_64, r-release-linux-x86_64, r-release-macos-arm64, r-release-macos-x86_64, r-release-windows-x86_64, r-oldrel-macos-arm64, r-oldrel-macos-x86_64, r-oldrel-windows-x86_64

These binaries (installable software) and packages are in development.
They may not be fully stable and should be used with caution. We make no claims about them.