CRAN Package Check Results for Package readtext

Last updated on 2025-05-01 12:49:38 CEST.

Flavor Version Tinstall Tcheck Ttotal Status Flags
r-devel-linux-x86_64-debian-clang 0.91 5.49 57.57 63.06 NOTE
r-devel-linux-x86_64-debian-gcc 0.91 3.71 45.13 48.84 NOTE
r-devel-linux-x86_64-fedora-clang 0.91 95.43 OK
r-devel-linux-x86_64-fedora-gcc 0.91 104.50 OK
r-devel-windows-x86_64 0.91 8.00 79.00 87.00 NOTE
r-patched-linux-x86_64 0.91 4.94 54.18 59.12 NOTE
r-release-linux-x86_64 NOTE
r-release-macos-arm64 0.91 46.00 OK
r-release-macos-x86_64 0.91 74.00 OK
r-release-windows-x86_64 0.91 9.00 85.00 94.00 NOTE
r-oldrel-macos-arm64 0.91 41.00 OK
r-oldrel-macos-x86_64 0.91 58.00 OK
r-oldrel-windows-x86_64 0.91 9.00 84.00 93.00 OK

Check Details

Version: 0.91
Check: Rd cross-references
Result: NOTE Found the following Rd file(s) with Rd \link{} targets missing package anchors: readtext.Rd: fread Please provide package anchors for all Rd \link{} targets not in the package itself and the base packages. Flavors: r-devel-linux-x86_64-debian-clang, r-devel-linux-x86_64-debian-gcc, r-devel-windows-x86_64, r-patched-linux-x86_64, r-release-linux-x86_64, r-release-windows-x86_64

These binaries (installable software) and packages are in development.
They may not be fully stable and should be used with caution. We make no claims about them.