CRAN Package Check Results for Package reasonabletools

Last updated on 2025-05-28 13:48:35 CEST.

Flavor Version Tinstall Tcheck Ttotal Status Flags
r-devel-linux-x86_64-debian-clang 0.1 1.90 19.33 21.23 OK
r-devel-linux-x86_64-debian-gcc 0.1 1.58 15.43 17.01 OK
r-devel-linux-x86_64-fedora-clang 0.1 31.91 OK
r-devel-linux-x86_64-fedora-gcc 0.1 29.44 OK
r-devel-windows-x86_64 0.1 2.00 40.00 42.00 OK
r-patched-linux-x86_64 0.1 2.08 17.05 19.13 OK
r-release-linux-x86_64 0.1 1.87 17.22 19.09 OK
r-release-macos-arm64 0.1 13.00 OK
r-release-macos-x86_64 0.1 22.00 OK
r-release-windows-x86_64 0.1 2.00 46.00 48.00 OK
r-oldrel-macos-arm64 0.1 13.00 NOTE
r-oldrel-macos-x86_64 0.1 19.00 NOTE
r-oldrel-windows-x86_64 0.1 3.00 40.00 43.00 NOTE

Check Details

Version: 0.1
Check: LazyData
Result: NOTE 'LazyData' is specified without a 'data' directory Flavors: r-oldrel-macos-arm64, r-oldrel-macos-x86_64, r-oldrel-windows-x86_64

These binaries (installable software) and packages are in development.
They may not be fully stable and should be used with caution. We make no claims about them.