Last updated on 2025-02-16 08:50:58 CET.
Flavor | Version | Tinstall | Tcheck | Ttotal | Status | Flags |
---|---|---|---|---|---|---|
r-devel-linux-x86_64-debian-clang | 0.0-3 | 1.98 | 21.23 | 23.21 | OK | |
r-devel-linux-x86_64-debian-gcc | 0.0-3 | 1.58 | 16.82 | 18.40 | OK | |
r-devel-linux-x86_64-fedora-clang | 0.0-3 | 38.39 | OK | |||
r-devel-linux-x86_64-fedora-gcc | 0.0-3 | 36.12 | OK | |||
r-devel-macos-arm64 | 0.0-3 | 16.00 | OK | |||
r-devel-macos-x86_64 | 0.0-3 | 24.00 | OK | |||
r-devel-windows-x86_64 | 0.0-3 | 3.00 | 47.00 | 50.00 | OK | |
r-patched-linux-x86_64 | 0.0-3 | 2.10 | 20.38 | 22.48 | NOTE | |
r-release-linux-x86_64 | 0.0-3 | 1.78 | 20.54 | 22.32 | NOTE | |
r-release-macos-arm64 | 0.0-3 | 17.00 | NOTE | |||
r-release-macos-x86_64 | 0.0-3 | 23.00 | NOTE | |||
r-release-windows-x86_64 | 0.0-3 | 4.00 | 48.00 | 52.00 | NOTE | |
r-oldrel-macos-arm64 | 0.0-3 | 19.00 | NOTE | |||
r-oldrel-macos-x86_64 | 0.0-3 | 23.00 | NOTE | |||
r-oldrel-windows-x86_64 | 0.0-3 | 3.00 | 52.00 | 55.00 | NOTE |
Version: 0.0-3
Check: LazyData
Result: NOTE
'LazyData' is specified without a 'data' directory
Flavors: r-patched-linux-x86_64, r-release-linux-x86_64, r-release-macos-arm64, r-release-macos-x86_64, r-release-windows-x86_64, r-oldrel-macos-arm64, r-oldrel-macos-x86_64, r-oldrel-windows-x86_64
These binaries (installable software) and packages are in development.
They may not be fully stable and should be used with caution. We make no claims about them.