CRAN Package Check Results for Package rebus

Last updated on 2025-02-16 08:50:58 CET.

Flavor Version Tinstall Tcheck Ttotal Status Flags
r-devel-linux-x86_64-debian-clang 0.1-3 2.07 22.03 24.10 OK
r-devel-linux-x86_64-debian-gcc 0.1-3 1.43 17.74 19.17 OK
r-devel-linux-x86_64-fedora-clang 0.1-3 38.98 OK
r-devel-linux-x86_64-fedora-gcc 0.1-3 37.02 OK
r-devel-macos-arm64 0.1-3 19.00 OK
r-devel-macos-x86_64 0.1-3 29.00 OK
r-devel-windows-x86_64 0.1-3 3.00 55.00 58.00 OK
r-patched-linux-x86_64 0.1-3 2.82 21.03 23.85 NOTE
r-release-linux-x86_64 0.1-3 1.83 21.00 22.83 NOTE
r-release-macos-arm64 0.1-3 18.00 NOTE
r-release-macos-x86_64 0.1-3 24.00 NOTE
r-release-windows-x86_64 0.1-3 4.00 55.00 59.00 NOTE
r-oldrel-macos-arm64 0.1-3 18.00 NOTE
r-oldrel-macos-x86_64 0.1-3 25.00 NOTE
r-oldrel-windows-x86_64 0.1-3 4.00 49.00 53.00 NOTE

Check Details

Version: 0.1-3
Check: LazyData
Result: NOTE 'LazyData' is specified without a 'data' directory Flavors: r-patched-linux-x86_64, r-release-linux-x86_64, r-release-macos-arm64, r-release-macos-x86_64, r-release-windows-x86_64, r-oldrel-macos-arm64, r-oldrel-macos-x86_64, r-oldrel-windows-x86_64

These binaries (installable software) and packages are in development.
They may not be fully stable and should be used with caution. We make no claims about them.