CRAN Package Check Results for Package rebus

Last updated on 2025-07-02 03:50:50 CEST.

Flavor Version Tinstall Tcheck Ttotal Status Flags
r-devel-linux-x86_64-debian-clang 0.1-3 2.06 23.57 25.63 OK
r-devel-linux-x86_64-debian-gcc 0.1-3 1.62 19.46 21.08 OK
r-devel-linux-x86_64-fedora-clang 0.1-3 38.76 OK
r-devel-linux-x86_64-fedora-gcc 0.1-3 36.97 OK
r-devel-windows-x86_64 0.1-3 4.00 55.00 59.00 OK
r-patched-linux-x86_64 OK
r-release-linux-x86_64 0.1-3 1.61 21.90 23.51 OK
r-release-macos-arm64 0.1-3 22.00 OK
r-release-macos-x86_64 0.1-3 28.00 OK
r-release-windows-x86_64 0.1-3 4.00 55.00 59.00 OK
r-oldrel-macos-arm64 0.1-3 18.00 NOTE
r-oldrel-macos-x86_64 0.1-3 24.00 NOTE
r-oldrel-windows-x86_64 0.1-3 4.00 54.00 58.00 NOTE

Check Details

Version: 0.1-3
Check: LazyData
Result: NOTE 'LazyData' is specified without a 'data' directory Flavors: r-oldrel-macos-arm64, r-oldrel-macos-x86_64, r-oldrel-windows-x86_64

These binaries (installable software) and packages are in development.
They may not be fully stable and should be used with caution. We make no claims about them.