CRAN Package Check Results for Package rebus.unicode

Last updated on 2025-07-02 01:51:48 CEST.

Flavor Version Tinstall Tcheck Ttotal Status Flags
r-devel-linux-x86_64-debian-clang 0.0-2 2.81 23.29 26.10 OK
r-devel-linux-x86_64-debian-gcc 0.0-2 2.34 18.07 20.41 OK
r-devel-linux-x86_64-fedora-clang 0.0-2 39.63 OK
r-devel-linux-x86_64-fedora-gcc 0.0-2 37.37 OK
r-devel-windows-x86_64 0.0-2 4.00 44.00 48.00 OK
r-patched-linux-x86_64 OK
r-release-linux-x86_64 0.0-2 2.79 21.48 24.27 OK
r-release-macos-arm64 0.0-2 18.00 OK
r-release-macos-x86_64 0.0-2 32.00 OK
r-release-windows-x86_64 0.0-2 4.00 44.00 48.00 OK
r-oldrel-macos-arm64 0.0-2 16.00 NOTE
r-oldrel-macos-x86_64 0.0-2 25.00 NOTE
r-oldrel-windows-x86_64 0.0-2 5.00 46.00 51.00 NOTE

Check Details

Version: 0.0-2
Check: LazyData
Result: NOTE 'LazyData' is specified without a 'data' directory Flavors: r-oldrel-macos-arm64, r-oldrel-macos-x86_64, r-oldrel-windows-x86_64

These binaries (installable software) and packages are in development.
They may not be fully stable and should be used with caution. We make no claims about them.