Last updated on 2025-11-13 21:50:06 CET.
| Flavor | Version | Tinstall | Tcheck | Ttotal | Status | Flags |
|---|---|---|---|---|---|---|
| r-devel-linux-x86_64-debian-clang | 0.3.2 | 2.20 | 66.58 | 68.78 | NOTE | |
| r-devel-linux-x86_64-debian-gcc | 0.3.2 | 1.78 | 45.74 | 47.52 | NOTE | |
| r-devel-linux-x86_64-fedora-clang | 0.3.2 | 107.08 | NOTE | |||
| r-devel-linux-x86_64-fedora-gcc | 0.3.2 | 125.93 | NOTE | |||
| r-devel-windows-x86_64 | 0.3.2 | 5.00 | 79.00 | 84.00 | NOTE | |
| r-patched-linux-x86_64 | 0.3.2 | 2.42 | 63.26 | 65.68 | NOTE | |
| r-release-linux-x86_64 | 0.3.2 | 2.23 | 62.45 | 64.68 | NOTE | |
| r-release-macos-arm64 | 0.3.2 | 1.00 | 38.00 | 39.00 | NOTE | |
| r-release-macos-x86_64 | 0.3.2 | 2.00 | 64.00 | 66.00 | NOTE | |
| r-release-windows-x86_64 | 0.3.2 | 6.00 | 77.00 | 83.00 | NOTE | |
| r-oldrel-macos-arm64 | 0.3.2 | 1.00 | 41.00 | 42.00 | OK | |
| r-oldrel-macos-x86_64 | 0.3.2 | 2.00 | 93.00 | 95.00 | OK | |
| r-oldrel-windows-x86_64 | 0.3.2 | 5.00 | 96.00 | 101.00 | OK |
Version: 0.3.2
Check: DESCRIPTION meta-information
Result: NOTE
Missing dependency on R >= 4.1.0 because package code uses the pipe
|> or function shorthand \(...) syntax added in R 4.1.0.
File(s) using such syntax:
‘gg_CD_local.R’ ‘gg_PIT_local.R’
Flavors: r-devel-linux-x86_64-debian-clang, r-devel-linux-x86_64-debian-gcc, r-devel-linux-x86_64-fedora-clang, r-devel-linux-x86_64-fedora-gcc, r-devel-windows-x86_64, r-patched-linux-x86_64, r-release-linux-x86_64, r-release-macos-arm64, r-release-macos-x86_64, r-release-windows-x86_64
These binaries (installable software) and packages are in development.
They may not be fully stable and should be used with caution. We make no claims about them.