CRAN Package Check Results for Package receptiviti

Last updated on 2025-02-16 08:50:58 CET.

Flavor Version Tinstall Tcheck Ttotal Status Flags
r-devel-linux-x86_64-debian-clang 0.1.8 2.67 26.87 29.54 OK
r-devel-linux-x86_64-debian-gcc 0.1.8 1.96 20.78 22.74 OK
r-devel-linux-x86_64-fedora-clang 0.1.8 47.16 OK
r-devel-linux-x86_64-fedora-gcc 0.1.8 43.67 OK
r-devel-macos-arm64 0.1.8 22.00 OK
r-devel-macos-x86_64 0.1.8 35.00 OK
r-devel-windows-x86_64 0.1.8 3.00 50.00 53.00 OK
r-patched-linux-x86_64 0.1.8 2.85 25.28 28.13 OK
r-release-linux-x86_64 0.1.8 2.07 25.46 27.53 OK
r-release-macos-arm64 0.1.8 21.00 OK
r-release-macos-x86_64 0.1.8 33.00 NOTE
r-release-windows-x86_64 0.1.8 4.00 50.00 54.00 OK
r-oldrel-macos-arm64 0.1.8 26.00 OK
r-oldrel-macos-x86_64 0.1.8 49.00 OK
r-oldrel-windows-x86_64 0.1.8 5.00 53.00 58.00 OK

Check Details

Version: 0.1.8
Check: package dependencies
Result: NOTE Package suggested but not available for checking: ‘arrow’ Flavor: r-release-macos-x86_64

Version: 0.1.8
Check: Rd cross-references
Result: NOTE Package unavailable to check Rd xrefs: ‘arrow’ Flavor: r-release-macos-x86_64

These binaries (installable software) and packages are in development.
They may not be fully stable and should be used with caution. We make no claims about them.