CRAN Package Check Results for Package receptiviti

Last updated on 2025-05-22 03:50:47 CEST.

Flavor Version Tinstall Tcheck Ttotal Status Flags
r-devel-linux-x86_64-debian-clang 0.1.8 2.90 28.20 31.10 OK
r-devel-linux-x86_64-debian-gcc 0.1.8 2.09 22.04 24.13 OK
r-devel-linux-x86_64-fedora-clang 0.1.8 48.90 OK
r-devel-linux-x86_64-fedora-gcc 0.1.8 45.31 OK
r-devel-windows-x86_64 0.1.8 3.00 59.00 62.00 OK
r-patched-linux-x86_64 0.1.8 2.56 25.95 28.51 OK
r-release-linux-x86_64 0.1.8 2.86 25.82 28.68 OK
r-release-macos-arm64 0.1.8 23.00 OK
r-release-macos-x86_64 0.1.8 35.00 OK
r-release-windows-x86_64 0.1.8 7.00 68.00 75.00 OK
r-oldrel-macos-arm64 0.1.8 21.00 OK
r-oldrel-macos-x86_64 0.1.8 33.00 NOTE
r-oldrel-windows-x86_64 0.1.8 4.00 52.00 56.00 OK

Check Details

Version: 0.1.8
Check: package dependencies
Result: NOTE Package suggested but not available for checking: ‘arrow’ Flavor: r-oldrel-macos-x86_64

Version: 0.1.8
Check: Rd cross-references
Result: NOTE Package unavailable to check Rd xrefs: ‘arrow’ Flavor: r-oldrel-macos-x86_64

These binaries (installable software) and packages are in development.
They may not be fully stable and should be used with caution. We make no claims about them.