Last updated on 2025-07-02 03:50:50 CEST.
Flavor | Version | Tinstall | Tcheck | Ttotal | Status | Flags |
---|---|---|---|---|---|---|
r-devel-linux-x86_64-debian-clang | 0.3.0 | 40.96 | 62.52 | 103.48 | OK | |
r-devel-linux-x86_64-debian-gcc | 0.3.0 | 32.29 | 46.16 | 78.45 | OK | |
r-devel-linux-x86_64-fedora-clang | 0.3.0 | 175.11 | OK | |||
r-devel-linux-x86_64-fedora-gcc | 0.3.0 | 186.97 | OK | |||
r-devel-windows-x86_64 | 0.3.0 | 45.00 | 96.00 | 141.00 | OK | |
r-patched-linux-x86_64 | OK | |||||
r-release-linux-x86_64 | 0.3.0 | 46.19 | 57.73 | 103.92 | OK | |
r-release-macos-arm64 | 0.3.0 | 52.00 | OK | |||
r-release-macos-x86_64 | 0.3.0 | 76.00 | OK | |||
r-release-windows-x86_64 | 0.3.0 | 53.00 | 93.00 | 146.00 | OK | |
r-oldrel-macos-arm64 | 0.3.0 | 54.00 | NOTE | |||
r-oldrel-macos-x86_64 | 0.3.0 | 69.00 | NOTE | |||
r-oldrel-windows-x86_64 | 0.3.0 | 48.00 | 114.00 | 162.00 | OK |
Version: 0.3.0
Check: installed package size
Result: NOTE
installed size is 5.1Mb
sub-directories of 1Mb or more:
doc 2.5Mb
libs 2.5Mb
Flavors: r-oldrel-macos-arm64, r-oldrel-macos-x86_64
These binaries (installable software) and packages are in development.
They may not be fully stable and should be used with caution. We make no claims about them.