Last updated on 2025-10-23 15:50:08 CEST.
Flavor | Version | Tinstall | Tcheck | Ttotal | Status | Flags |
---|---|---|---|---|---|---|
r-devel-linux-x86_64-debian-clang | 1.0.0 | 31.03 | 263.23 | 294.26 | NOTE | |
r-devel-linux-x86_64-debian-gcc | 1.0.0 | 18.29 | 158.33 | 176.62 | OK | |
r-devel-linux-x86_64-fedora-clang | 1.0.0 | 333.00 | 173.44 | 506.44 | OK | |
r-devel-linux-x86_64-fedora-gcc | 1.0.0 | 63.00 | 372.31 | 435.31 | OK | |
r-devel-windows-x86_64 | 1.0.0 | 27.00 | 415.00 | 442.00 | OK | |
r-patched-linux-x86_64 | 1.0.0 | 27.73 | 248.62 | 276.35 | OK | |
r-release-linux-x86_64 | 1.0.0 | 28.22 | 247.40 | 275.62 | OK | |
r-release-macos-arm64 | 1.0.0 | 11.00 | 97.00 | 108.00 | OK | |
r-release-macos-x86_64 | 1.0.0 | 23.00 | 204.00 | 227.00 | OK | |
r-release-windows-x86_64 | 1.0.0 | 27.00 | 373.00 | 400.00 | OK | |
r-oldrel-macos-arm64 | 1.0.0 | 11.00 | 84.00 | 95.00 | OK | |
r-oldrel-macos-x86_64 | 1.0.0 | 18.00 | 142.00 | 160.00 | OK | |
r-oldrel-windows-x86_64 | 1.0.0 | 40.00 | 524.00 | 564.00 | OK |
Version: 1.0.0
Check: HTML version of manual
Result: NOTE
Found the following HTML validation problems:
compute_vertical_inflow.html:52:1 (compute_vertical_inflow.Rd:13): Warning: missing </ul> before </div>
compute_vertical_inflow_cell.html:50:1 (compute_vertical_inflow_cell.Rd:12): Warning: missing </ul> before </div>
compute_water_budget.html:58:1 (compute_water_budget.Rd:16): Warning: missing </ul> before </div>
compute_water_budget_cell.html:50:1 (compute_water_budget_cell.Rd:12): Warning: missing </ul> before </div>
Flavor: r-devel-linux-x86_64-debian-clang
These binaries (installable software) and packages are in development.
They may not be fully stable and should be used with caution. We make no claims about them.