CRAN Package Check Results for Package rechonest

Last updated on 2025-02-19 17:51:02 CET.

Flavor Version Tinstall Tcheck Ttotal Status Flags
r-devel-linux-x86_64-debian-clang 1.2 3.16 28.82 31.98 OK
r-devel-linux-x86_64-debian-gcc 1.2 2.16 21.83 23.99 OK
r-devel-linux-x86_64-fedora-clang 1.2 50.09 OK
r-devel-linux-x86_64-fedora-gcc 1.2 48.00 OK
r-devel-macos-arm64 1.2 19.00 OK
r-devel-macos-x86_64 1.2 32.00 OK
r-devel-windows-x86_64 1.2 4.00 60.00 64.00 OK
r-patched-linux-x86_64 1.2 3.31 27.25 30.56 NOTE
r-release-linux-x86_64 1.2 3.35 27.58 30.93 NOTE
r-release-macos-arm64 1.2 20.00 NOTE
r-release-macos-x86_64 1.2 25.00 NOTE
r-release-windows-x86_64 1.2 5.00 53.00 58.00 NOTE
r-oldrel-macos-arm64 1.2 20.00 NOTE
r-oldrel-macos-x86_64 1.2 24.00 NOTE
r-oldrel-windows-x86_64 1.2 6.00 84.00 90.00 NOTE

Check Details

Version: 1.2
Check: LazyData
Result: NOTE 'LazyData' is specified without a 'data' directory Flavors: r-patched-linux-x86_64, r-release-linux-x86_64, r-release-macos-arm64, r-release-macos-x86_64, r-release-windows-x86_64, r-oldrel-macos-arm64, r-oldrel-macos-x86_64, r-oldrel-windows-x86_64

These binaries (installable software) and packages are in development.
They may not be fully stable and should be used with caution. We make no claims about them.