Last updated on 2025-11-13 15:51:22 CET.
| Flavor | Version | Tinstall | Tcheck | Ttotal | Status | Flags |
|---|---|---|---|---|---|---|
| r-devel-linux-x86_64-debian-clang | 1.3.1 | 24.51 | 471.17 | 495.68 | OK | |
| r-devel-linux-x86_64-debian-gcc | 1.3.1 | 16.47 | 309.95 | 326.42 | OK | |
| r-devel-linux-x86_64-fedora-clang | 1.3.1 | 52.00 | 711.08 | 763.08 | OK | |
| r-devel-linux-x86_64-fedora-gcc | 1.3.1 | 101.00 | 724.20 | 825.20 | OK | |
| r-devel-windows-x86_64 | 1.3.1 | 27.00 | 460.00 | 487.00 | OK | |
| r-patched-linux-x86_64 | 1.3.1 | 31.76 | 446.30 | 478.06 | OK | |
| r-release-linux-x86_64 | 1.3.1 | 21.64 | 448.32 | 469.96 | OK | |
| r-release-macos-arm64 | 1.3.1 | 11.00 | 185.00 | 196.00 | OK | |
| r-release-macos-x86_64 | 1.3.1 | 25.00 | 280.00 | 305.00 | WARN | |
| r-release-windows-x86_64 | 1.3.1 | 30.00 | 464.00 | 494.00 | OK | |
| r-oldrel-macos-arm64 | 1.3.1 | 10.00 | 200.00 | 210.00 | OK | |
| r-oldrel-macos-x86_64 | 1.3.1 | 25.00 | 343.00 | 368.00 | OK | |
| r-oldrel-windows-x86_64 | 1.3.1 | 41.00 | 589.00 | 630.00 | OK |
Version: 1.3.1
Check: Rd files
Result: WARN
cannot open the connection
remove_original_cols.Rd: Sections \title, and \name must exist and be unique in Rd files
problems found in ‘reexports.Rd’, ‘remove_original_cols.Rd’
Flavor: r-release-macos-x86_64
These binaries (installable software) and packages are in development.
They may not be fully stable and should be used with caution. We make no claims about them.