Last updated on 2025-02-16 08:50:58 CET.
Flavor | Version | Tinstall | Tcheck | Ttotal | Status | Flags |
---|---|---|---|---|---|---|
r-devel-linux-x86_64-debian-clang | 0.5.0 | 16.45 | 67.45 | 83.90 | NOTE | |
r-devel-linux-x86_64-debian-gcc | 0.5.0 | 11.39 | 48.85 | 60.24 | NOTE | |
r-devel-linux-x86_64-fedora-clang | 0.5.0 | 137.67 | OK | |||
r-devel-linux-x86_64-fedora-gcc | 0.5.0 | 139.31 | OK | |||
r-devel-macos-arm64 | 0.5.0 | 57.00 | OK | |||
r-devel-macos-x86_64 | 0.5.0 | 86.00 | OK | |||
r-devel-windows-x86_64 | 0.5.0 | 18.00 | 115.00 | 133.00 | NOTE | |
r-patched-linux-x86_64 | 0.5.0 | 17.62 | 58.89 | 76.51 | OK | |
r-release-linux-x86_64 | 0.5.0 | 15.13 | 59.20 | 74.33 | OK | |
r-release-macos-arm64 | 0.5.0 | 56.00 | OK | |||
r-release-macos-x86_64 | 0.5.0 | 79.00 | OK | |||
r-release-windows-x86_64 | 0.5.0 | 20.00 | 121.00 | 141.00 | OK | |
r-oldrel-macos-arm64 | 0.5.0 | 63.00 | OK | |||
r-oldrel-macos-x86_64 | 0.5.0 | 158.00 | OK | |||
r-oldrel-windows-x86_64 | 0.5.0 | 22.00 | 150.00 | 172.00 | OK |
Version: 0.5.0
Check: Rd cross-references
Result: NOTE
Found the following Rd file(s) with Rd \link{} targets missing package
anchors:
add_from_x.Rd: data.table
comparators.Rd: stringdist
compare_pairs.Rd: data.table
compare_vars.Rd: data.table
get_inspect_pairs.Rd: data.table
pair.Rd: data.table
pair_blocking.Rd: data.table
pair_minsim.Rd: data.table
Please provide package anchors for all Rd \link{} targets not in the
package itself and the base packages.
Flavors: r-devel-linux-x86_64-debian-clang, r-devel-linux-x86_64-debian-gcc, r-devel-windows-x86_64
These binaries (installable software) and packages are in development.
They may not be fully stable and should be used with caution. We make no claims about them.