Last updated on 2025-05-01 08:52:43 CEST.
Flavor | Version | Tinstall | Tcheck | Ttotal | Status | Flags |
---|---|---|---|---|---|---|
r-devel-linux-x86_64-debian-clang | 0.5.0 | 16.40 | 67.54 | 83.94 | NOTE | |
r-devel-linux-x86_64-debian-gcc | 0.5.0 | 11.77 | 51.17 | 62.94 | NOTE | |
r-devel-linux-x86_64-fedora-clang | 0.5.0 | 133.20 | OK | |||
r-devel-linux-x86_64-fedora-gcc | 0.5.0 | 135.21 | OK | |||
r-devel-windows-x86_64 | 0.5.0 | 19.00 | 121.00 | 140.00 | NOTE | |
r-patched-linux-x86_64 | 0.5.0 | 16.71 | 60.93 | 77.64 | NOTE | |
r-release-linux-x86_64 | NOTE | |||||
r-release-macos-arm64 | 0.5.0 | 55.00 | OK | |||
r-release-macos-x86_64 | 0.5.0 | 100.00 | OK | |||
r-release-windows-x86_64 | 0.5.0 | 20.00 | 132.00 | 152.00 | NOTE | |
r-oldrel-macos-arm64 | 0.5.0 | 56.00 | OK | |||
r-oldrel-macos-x86_64 | 0.5.0 | 79.00 | OK | |||
r-oldrel-windows-x86_64 | 0.5.0 | 19.00 | 128.00 | 147.00 | OK |
Version: 0.5.0
Check: Rd cross-references
Result: NOTE
Found the following Rd file(s) with Rd \link{} targets missing package
anchors:
add_from_x.Rd: data.table
comparators.Rd: stringdist
compare_pairs.Rd: data.table
compare_vars.Rd: data.table
get_inspect_pairs.Rd: data.table
pair.Rd: data.table
pair_blocking.Rd: data.table
pair_minsim.Rd: data.table
Please provide package anchors for all Rd \link{} targets not in the
package itself and the base packages.
Flavors: r-devel-linux-x86_64-debian-clang, r-devel-linux-x86_64-debian-gcc, r-devel-windows-x86_64, r-patched-linux-x86_64, r-release-linux-x86_64, r-release-windows-x86_64
These binaries (installable software) and packages are in development.
They may not be fully stable and should be used with caution. We make no claims about them.