Last updated on 2025-05-24 13:49:36 CEST.
Flavor | Version | Tinstall | Tcheck | Ttotal | Status | Flags |
---|---|---|---|---|---|---|
r-devel-linux-x86_64-debian-clang | 1.0.17 | 13.17 | 132.94 | 146.11 | NOTE | |
r-devel-linux-x86_64-debian-gcc | 1.0.17 | 11.88 | 94.23 | 106.11 | NOTE | |
r-devel-linux-x86_64-fedora-clang | 1.0.17 | 242.53 | OK | |||
r-devel-linux-x86_64-fedora-gcc | 1.0.17 | 253.72 | OK | |||
r-devel-windows-x86_64 | 1.0.17 | 20.00 | 140.00 | 160.00 | NOTE | |
r-patched-linux-x86_64 | 1.0.17 | 17.05 | 126.93 | 143.98 | NOTE | |
r-release-linux-x86_64 | 1.0.17 | 16.05 | 127.07 | 143.12 | NOTE | |
r-release-macos-arm64 | 1.0.17 | 79.00 | OK | |||
r-release-macos-x86_64 | 1.0.17 | 134.00 | OK | |||
r-release-windows-x86_64 | 1.0.17 | 20.00 | 198.00 | 218.00 | NOTE | |
r-oldrel-macos-arm64 | 1.0.17 | 66.00 | OK | |||
r-oldrel-macos-x86_64 | 1.0.17 | 110.00 | OK | |||
r-oldrel-windows-x86_64 | 1.0.17 | 24.00 | 186.00 | 210.00 | OK |
Version: 1.0.17
Check: Rd cross-references
Result: NOTE
Found the following Rd file(s) with Rd \link{} targets missing package
anchors:
as.recmap.SpatialPolygonsDataFrame.Rd: SpatialPolygonsDataFrame
dot-get_7triangles.Rd: SpatialPolygons
Please provide package anchors for all Rd \link{} targets not in the
package itself and the base packages.
Flavors: r-devel-linux-x86_64-debian-clang, r-devel-linux-x86_64-debian-gcc, r-devel-windows-x86_64, r-patched-linux-x86_64, r-release-linux-x86_64, r-release-windows-x86_64
These binaries (installable software) and packages are in development.
They may not be fully stable and should be used with caution. We make no claims about them.