CRAN Package Check Results for Package recogito

Last updated on 2025-11-12 18:50:43 CET.

Flavor Version Tinstall Tcheck Ttotal Status Flags
r-devel-linux-x86_64-debian-clang 0.2.1 3.25 33.12 36.37 OK
r-devel-linux-x86_64-debian-gcc 0.2.1 2.34 25.89 28.23 OK
r-devel-linux-x86_64-fedora-clang 0.2.1 52.04 OK
r-devel-linux-x86_64-fedora-gcc 0.2.1 10.00 48.80 58.80 OK
r-devel-windows-x86_64 0.2.1 10.00 51.00 61.00 OK
r-patched-linux-x86_64 0.2.1 2.49 29.64 32.13 OK
r-release-linux-x86_64 0.2.1 3.11 29.84 32.95 OK
r-release-macos-arm64 0.2.1 2.00 19.00 21.00 OK
r-release-macos-x86_64 0.2.1 2.00 31.00 33.00 OK
r-release-windows-x86_64 0.2.1 8.00 49.00 57.00 OK
r-oldrel-macos-arm64 0.2.1 2.00 20.00 22.00 NOTE
r-oldrel-macos-x86_64 0.2.1 2.00 28.00 30.00 NOTE
r-oldrel-windows-x86_64 0.2.1 9.00 54.00 63.00 NOTE

Check Details

Version: 0.2.1
Check: installed package size
Result: NOTE installed size is 10.3Mb sub-directories of 1Mb or more: htmlwidgets 9.8Mb Flavors: r-oldrel-macos-arm64, r-oldrel-macos-x86_64, r-oldrel-windows-x86_64

These binaries (installable software) and packages are in development.
They may not be fully stable and should be used with caution. We make no claims about them.