Last updated on 2025-05-21 21:49:28 CEST.
Flavor | Version | Tinstall | Tcheck | Ttotal | Status | Flags |
---|---|---|---|---|---|---|
r-devel-linux-x86_64-debian-clang | 0.1.6-3 | 27.21 | 92.22 | 119.43 | NOTE | |
r-devel-linux-x86_64-debian-gcc | 0.1.6-3 | 21.45 | 70.60 | 92.05 | NOTE | |
r-devel-linux-x86_64-fedora-clang | 0.1.6-3 | 203.59 | OK | |||
r-devel-linux-x86_64-fedora-gcc | 0.1.6-3 | 222.49 | OK | |||
r-devel-windows-x86_64 | 0.1.6-3 | 38.00 | 134.00 | 172.00 | OK | |
r-patched-linux-x86_64 | 0.1.6-3 | 27.87 | 88.98 | 116.85 | OK | |
r-release-linux-x86_64 | 0.1.6-3 | 30.07 | 90.01 | 120.08 | OK | |
r-release-macos-arm64 | 0.1.6-3 | 70.00 | OK | |||
r-release-macos-x86_64 | 0.1.6-3 | 121.00 | OK | |||
r-release-windows-x86_64 | 0.1.6-3 | 38.00 | 138.00 | 176.00 | OK | |
r-oldrel-macos-arm64 | 0.1.6-3 | 61.00 | OK | |||
r-oldrel-macos-x86_64 | 0.1.6-3 | 96.00 | OK | |||
r-oldrel-windows-x86_64 | 0.1.6-3 | 43.00 | 151.00 | 194.00 | OK |
Version: 0.1.6-3
Check: CRAN incoming feasibility
Result: NOTE
Maintainer: ‘David Cortes <david.cortes.rivera@gmail.com>’
No Authors@R field in DESCRIPTION.
Please add one, modifying
Authors@R: person(given = "David",
family = "Cortes",
role = c("aut", "cre"),
email = "david.cortes.rivera@gmail.com")
as necessary.
Flavors: r-devel-linux-x86_64-debian-clang, r-devel-linux-x86_64-debian-gcc
These binaries (installable software) and packages are in development.
They may not be fully stable and should be used with caution. We make no claims about them.