Last updated on 2025-11-12 18:50:43 CET.
| Flavor | Version | Tinstall | Tcheck | Ttotal | Status | Flags |
|---|---|---|---|---|---|---|
| r-devel-linux-x86_64-debian-clang | 0.1.6-3 | 27.73 | 94.74 | 122.47 | NOTE | |
| r-devel-linux-x86_64-debian-gcc | 0.1.6-3 | 22.58 | 70.07 | 92.65 | NOTE | |
| r-devel-linux-x86_64-fedora-clang | 0.1.6-3 | 64.00 | 133.57 | 197.57 | OK | |
| r-devel-linux-x86_64-fedora-gcc | 0.1.6-3 | 145.00 | 77.18 | 222.18 | OK | |
| r-devel-windows-x86_64 | 0.1.6-3 | 35.00 | 119.00 | 154.00 | OK | |
| r-patched-linux-x86_64 | 0.1.6-3 | 27.34 | 90.68 | 118.02 | OK | |
| r-release-linux-x86_64 | 0.1.6-3 | 31.01 | 92.32 | 123.33 | OK | |
| r-release-macos-arm64 | 0.1.6-3 | 16.00 | 54.00 | 70.00 | OK | |
| r-release-macos-x86_64 | 0.1.6-3 | 29.00 | 92.00 | 121.00 | OK | |
| r-release-windows-x86_64 | 0.1.6-3 | 37.00 | 116.00 | 153.00 | OK | |
| r-oldrel-macos-arm64 | 0.1.6-3 | 16.00 | 45.00 | 61.00 | OK | |
| r-oldrel-macos-x86_64 | 0.1.6-3 | 24.00 | 72.00 | 96.00 | OK | |
| r-oldrel-windows-x86_64 | 0.1.6-3 | 45.00 | 144.00 | 189.00 | OK |
Version: 0.1.6-3
Check: CRAN incoming feasibility
Result: NOTE
Maintainer: ‘David Cortes <david.cortes.rivera@gmail.com>’
No Authors@R field in DESCRIPTION.
Please add one, modifying
Authors@R: person(given = "David",
family = "Cortes",
role = c("aut", "cre"),
email = "david.cortes.rivera@gmail.com")
as necessary.
Flavors: r-devel-linux-x86_64-debian-clang, r-devel-linux-x86_64-debian-gcc
These binaries (installable software) and packages are in development.
They may not be fully stable and should be used with caution. We make no claims about them.