Last updated on 2025-10-23 11:50:25 CEST.
Flavor | Version | Tinstall | Tcheck | Ttotal | Status | Flags |
---|---|---|---|---|---|---|
r-devel-linux-x86_64-debian-clang | 0.1.6-3 | 25.92 | 94.51 | 120.43 | NOTE | |
r-devel-linux-x86_64-debian-gcc | 0.1.6-3 | 21.73 | 69.26 | 90.99 | NOTE | |
r-devel-linux-x86_64-fedora-clang | 0.1.6-3 | 60.00 | 128.96 | 188.96 | OK | |
r-devel-linux-x86_64-fedora-gcc | 0.1.6-3 | 66.00 | 139.60 | 205.60 | OK | |
r-devel-windows-x86_64 | 0.1.6-3 | 36.00 | 121.00 | 157.00 | OK | |
r-patched-linux-x86_64 | 0.1.6-3 | 28.84 | 90.12 | 118.96 | OK | |
r-release-linux-x86_64 | 0.1.6-3 | 30.99 | 91.40 | 122.39 | OK | |
r-release-macos-arm64 | 0.1.6-3 | 16.00 | 54.00 | 70.00 | OK | |
r-release-macos-x86_64 | 0.1.6-3 | 29.00 | 92.00 | 121.00 | OK | |
r-release-windows-x86_64 | 0.1.6-3 | 36.00 | 121.00 | 157.00 | OK | |
r-oldrel-macos-arm64 | 0.1.6-3 | 16.00 | 45.00 | 61.00 | OK | |
r-oldrel-macos-x86_64 | 0.1.6-3 | 24.00 | 72.00 | 96.00 | OK | |
r-oldrel-windows-x86_64 | 0.1.6-3 | 44.00 | 149.00 | 193.00 | OK |
Version: 0.1.6-3
Check: CRAN incoming feasibility
Result: NOTE
Maintainer: ‘David Cortes <david.cortes.rivera@gmail.com>’
No Authors@R field in DESCRIPTION.
Please add one, modifying
Authors@R: person(given = "David",
family = "Cortes",
role = c("aut", "cre"),
email = "david.cortes.rivera@gmail.com")
as necessary.
Flavors: r-devel-linux-x86_64-debian-clang, r-devel-linux-x86_64-debian-gcc
These binaries (installable software) and packages are in development.
They may not be fully stable and should be used with caution. We make no claims about them.