CRAN Package Check Results for Package recommenderlabBX

Last updated on 2025-02-16 08:50:58 CET.

Flavor Version Tinstall Tcheck Ttotal Status Flags
r-devel-linux-x86_64-debian-clang 0.2-0 7.52 60.80 68.32 OK
r-devel-linux-x86_64-debian-gcc 0.2-0 5.02 46.84 51.86 OK
r-devel-linux-x86_64-fedora-clang 0.2-0 102.04 OK
r-devel-linux-x86_64-fedora-gcc 0.2-0 95.31 OK
r-devel-macos-arm64 0.2-0 33.00 OK
r-devel-macos-x86_64 0.2-0 70.00 OK
r-devel-windows-x86_64 0.2-0 7.00 71.00 78.00 OK
r-patched-linux-x86_64 0.2-0 6.44 57.25 63.69 OK
r-release-linux-x86_64 0.2-0 7.23 57.78 65.01 OK
r-release-macos-arm64 0.2-0 34.00 NOTE
r-release-macos-x86_64 0.2-0 48.00 NOTE
r-release-windows-x86_64 0.2-0 8.00 82.00 90.00 NOTE
r-oldrel-macos-arm64 0.2-0 35.00 NOTE
r-oldrel-macos-x86_64 0.2-0 58.00 NOTE
r-oldrel-windows-x86_64 0.2-0 7.00 80.00 87.00 NOTE

Check Details

Version: 0.2-0
Check: installed package size
Result: NOTE installed size is 9.1Mb sub-directories of 1Mb or more: data 9.0Mb Flavors: r-release-macos-arm64, r-release-macos-x86_64, r-release-windows-x86_64, r-oldrel-macos-arm64, r-oldrel-macos-x86_64, r-oldrel-windows-x86_64

These binaries (installable software) and packages are in development.
They may not be fully stable and should be used with caution. We make no claims about them.