CRAN Package Check Results for Package recommenderlabJester

Last updated on 2025-10-03 13:49:45 CEST.

Flavor Version Tinstall Tcheck Ttotal Status Flags
r-devel-linux-x86_64-debian-clang 0.2-0 7.17 41.66 48.83 NOTE
r-devel-linux-x86_64-debian-gcc 0.2-0 4.98 31.05 36.03 NOTE
r-devel-linux-x86_64-fedora-clang 0.2-0 70.33 OK
r-devel-linux-x86_64-fedora-gcc 0.2-0 75.05 OK
r-devel-windows-x86_64 0.2-0 7.00 55.00 62.00 OK
r-patched-linux-x86_64 0.2-0 6.66 39.18 45.84 OK
r-release-linux-x86_64 0.2-0 5.65 39.56 45.21 OK
r-release-macos-arm64 0.2-0 25.00 OK
r-release-macos-x86_64 0.2-0 44.00 OK
r-release-windows-x86_64 0.2-0 8.00 54.00 62.00 OK
r-oldrel-macos-arm64 0.2-0 26.00 OK
r-oldrel-macos-x86_64 0.2-0 36.00 OK
r-oldrel-windows-x86_64 0.2-0 10.00 66.00 76.00 OK

Check Details

Version: 0.2-0
Check: CRAN incoming feasibility
Result: NOTE Maintainer: ‘Michael Hahsler <mhahsler@smu.edu>’ No Authors@R field in DESCRIPTION. Please add one, modifying Authors@R: person(given = "Michael", family = "Hahsler", role = c("aut", "cre"), email = "mhahsler@smu.edu") as necessary. Flavors: r-devel-linux-x86_64-debian-clang, r-devel-linux-x86_64-debian-gcc

These binaries (installable software) and packages are in development.
They may not be fully stable and should be used with caution. We make no claims about them.