Last updated on 2025-05-01 08:52:43 CEST.
Flavor | Version | Tinstall | Tcheck | Ttotal | Status | Flags |
---|---|---|---|---|---|---|
r-devel-linux-x86_64-debian-clang | 2.0.4 | 10.03 | 34.77 | 44.80 | NOTE | |
r-devel-linux-x86_64-debian-gcc | 2.0.4 | 7.81 | 28.42 | 36.23 | NOTE | |
r-devel-linux-x86_64-fedora-clang | 2.0.4 | 77.51 | OK | |||
r-devel-linux-x86_64-fedora-gcc | 2.0.4 | 88.78 | OK | |||
r-devel-windows-x86_64 | 2.0.4 | 14.00 | 79.00 | 93.00 | OK | |
r-patched-linux-x86_64 | 2.0.4 | 10.31 | 33.52 | 43.83 | OK | |
r-release-linux-x86_64 | OK | |||||
r-release-macos-arm64 | 2.0.4 | 60.00 | OK | |||
r-release-macos-x86_64 | 2.0.4 | 59.00 | OK | |||
r-release-windows-x86_64 | 2.0.4 | 17.00 | 84.00 | 101.00 | OK | |
r-oldrel-macos-arm64 | 2.0.4 | 45.00 | OK | |||
r-oldrel-macos-x86_64 | 2.0.4 | 48.00 | OK | |||
r-oldrel-windows-x86_64 | 2.0.4 | 17.00 | 89.00 | 106.00 | OK |
Version: 2.0.4
Check: CRAN incoming feasibility
Result: NOTE
Maintainer: ‘Os Keyes <ironholds@gmail.com>’
No Authors@R field in DESCRIPTION.
Please add one, modifying
Authors@R: person(given = "Os",
family = "Keyes",
role = c("aut", "cre"),
email = "ironholds@gmail.com")
as necessary.
Flavors: r-devel-linux-x86_64-debian-clang, r-devel-linux-x86_64-debian-gcc
These binaries (installable software) and packages are in development.
They may not be fully stable and should be used with caution. We make no claims about them.