Last updated on 2025-07-19 15:51:22 CEST.
Flavor | Version | Tinstall | Tcheck | Ttotal | Status | Flags |
---|---|---|---|---|---|---|
r-devel-linux-x86_64-debian-clang | 2.0.4 | 10.43 | 34.32 | 44.75 | NOTE | |
r-devel-linux-x86_64-debian-gcc | 2.0.4 | 8.20 | 28.43 | 36.63 | NOTE | |
r-devel-linux-x86_64-fedora-clang | 2.0.4 | 81.46 | OK | |||
r-devel-linux-x86_64-fedora-gcc | 2.0.4 | 92.06 | OK | |||
r-devel-windows-x86_64 | 2.0.4 | 15.00 | 83.00 | 98.00 | OK | |
r-patched-linux-x86_64 | 2.0.4 | 11.81 | 33.25 | 45.06 | OK | |
r-release-linux-x86_64 | 2.0.4 | 9.37 | 33.14 | 42.51 | OK | |
r-release-macos-arm64 | 2.0.4 | 60.00 | OK | |||
r-release-macos-x86_64 | 2.0.4 | 59.00 | OK | |||
r-release-windows-x86_64 | 2.0.4 | 15.00 | 76.00 | 91.00 | OK | |
r-oldrel-macos-arm64 | 2.0.4 | 45.00 | OK | |||
r-oldrel-macos-x86_64 | 2.0.4 | 48.00 | OK | |||
r-oldrel-windows-x86_64 | 2.0.4 | 18.00 | 93.00 | 111.00 | OK |
Version: 2.0.4
Check: CRAN incoming feasibility
Result: NOTE
Maintainer: ‘Os Keyes <ironholds@gmail.com>’
No Authors@R field in DESCRIPTION.
Please add one, modifying
Authors@R: person(given = "Os",
family = "Keyes",
role = c("aut", "cre"),
email = "ironholds@gmail.com")
as necessary.
Flavors: r-devel-linux-x86_64-debian-clang, r-devel-linux-x86_64-debian-gcc
These binaries (installable software) and packages are in development.
They may not be fully stable and should be used with caution. We make no claims about them.